31.13.127.60 - - [19/Jan/2026:05:45:44 -0700] "GET /wp-content/themes/exs/assets/css/burger-type1.css?ver=1.0.0 HTTP/2.0" 200 147 "https://smilescenter.gr/?fbclid=IwZXh0bgNhZW0CMTEAc3J0YwZhcHBfaWQMMjU2MjgxMDQwNTU4AAEeNvXnawqgnUvDUMU_d-EZwEvoYoYudmoxM5clmIomOPpAlgpKWadyPpjMWPg_aem_ZrQlVMCBZ3nZ1oM3lhqj5w" "Mozilla/5.0 (Windows NT 10.0; WOW64; rv:58.0) Gecko/20100101 Firefox/59.0" smilescenter.gr 10.36.211.156
31.13.127.60 - - [19/Jan/2026:05:45:44 -0700] "GET /wp-content/themes/exs/assets/css/totop-type8.css?ver=1.0.0 HTTP/2.0" 200 149 "https://smilescenter.gr/?fbclid=IwZXh0bgNhZW0CMTEAc3J0YwZhcHBfaWQMMjU2MjgxMDQwNTU4AAEeNvXnawqgnUvDUMU_d-EZwEvoYoYudmoxM5clmIomOPpAlgpKWadyPpjMWPg_aem_ZrQlVMCBZ3nZ1oM3lhqj5w" "Mozilla/5.0 (Windows NT 10.0; WOW64; rv:58.0) Gecko/20100101 Firefox/59.0" smilescenter.gr 10.36.211.156
31.13.127.60 - - [19/Jan/2026:05:45:44 -0700] "GET /wp-content/themes/exs/assets/css/shop.css?ver=1.0.0 HTTP/2.0" 200 10198 "https://smilescenter.gr/?fbclid=IwZXh0bgNhZW0CMTEAc3J0YwZhcHBfaWQMMjU2MjgxMDQwNTU4AAEeNvXnawqgnUvDUMU_d-EZwEvoYoYudmoxM5clmIomOPpAlgpKWadyPpjMWPg_aem_ZrQlVMCBZ3nZ1oM3lhqj5w" "Mozilla/5.0 (Windows NT 10.0; WOW64; rv:58.0) Gecko/20100101 Firefox/59.0" smilescenter.gr 10.36.211.156
31.13.127.60 - - [19/Jan/2026:05:45:44 -0700] "GET /wp-content/themes/exs/assets/vendors/glightbox/glightbox.min.css?ver=1.0.0 HTTP/2.0" 200 3369 "https://smilescenter.gr/?fbclid=IwZXh0bgNhZW0CMTEAc3J0YwZhcHBfaWQMMjU2MjgxMDQwNTU4AAEeNvXnawqgnUvDUMU_d-EZwEvoYoYudmoxM5clmIomOPpAlgpKWadyPpjMWPg_aem_ZrQlVMCBZ3nZ1oM3lhqj5w" "Mozilla/5.0 (Windows NT 10.0; WOW64; rv:58.0) Gecko/20100101 Firefox/59.0" smilescenter.gr 10.36.211.156
31.13.127.60 - - [19/Jan/2026:05:45:44 -0700] "GET /wp-content/themes/exs/assets/css/search-type3.css?ver=1.0.0 HTTP/2.0" 200 231 "https://smilescenter.gr/?fbclid=IwZXh0bgNhZW0CMTEAc3J0YwZhcHBfaWQMMjU2MjgxMDQwNTU4AAEeNvXnawqgnUvDUMU_d-EZwEvoYoYudmoxM5clmIomOPpAlgpKWadyPpjMWPg_aem_ZrQlVMCBZ3nZ1oM3lhqj5w" "Mozilla/5.0 (Windows NT 10.0; WOW64; rv:58.0) Gecko/20100101 Firefox/59.0" smilescenter.gr 10.36.211.156
31.13.127.60 - - [19/Jan/2026:05:45:44 -0700] "GET /wp-content/fonts/5f339b30eddba8a0dd9b9f8b86228216.css?ver=1.0.0 HTTP/2.0" 200 681 "https://smilescenter.gr/?fbclid=IwZXh0bgNhZW0CMTEAc3J0YwZhcHBfaWQMMjU2MjgxMDQwNTU4AAEeNvXnawqgnUvDUMU_d-EZwEvoYoYudmoxM5clmIomOPpAlgpKWadyPpjMWPg_aem_ZrQlVMCBZ3nZ1oM3lhqj5w" "Mozilla/5.0 (Windows NT 10.0; WOW64; rv:58.0) Gecko/20100101 Firefox/59.0" smilescenter.gr 10.36.211.156
31.13.127.60 - - [19/Jan/2026:05:45:44 -0700] "GET /wp-includes/blocks/heading/style.min.css?ver=6.9 HTTP/2.0" 200 211 "https://smilescenter.gr/?fbclid=IwZXh0bgNhZW0CMTEAc3J0YwZhcHBfaWQMMjU2MjgxMDQwNTU4AAEeNvXnawqgnUvDUMU_d-EZwEvoYoYudmoxM5clmIomOPpAlgpKWadyPpjMWPg_aem_ZrQlVMCBZ3nZ1oM3lhqj5w" "Mozilla/5.0 (Windows NT 10.0; WOW64; rv:58.0) Gecko/20100101 Firefox/59.0" smilescenter.gr 10.36.211.156
31.13.127.60 - - [19/Jan/2026:05:45:45 -0700] "GET /wp-includes/blocks/paragraph/style.min.css?ver=6.9 HTTP/2.0" 200 341 "https://smilescenter.gr/?fbclid=IwZXh0bgNhZW0CMTEAc3J0YwZhcHBfaWQMMjU2MjgxMDQwNTU4AAEeNvXnawqgnUvDUMU_d-EZwEvoYoYudmoxM5clmIomOPpAlgpKWadyPpjMWPg_aem_ZrQlVMCBZ3nZ1oM3lhqj5w" "Mozilla/5.0 (Windows NT 10.0; WOW64; rv:58.0) Gecko/20100101 Firefox/59.0" smilescenter.gr 10.36.211.156
31.13.127.60 - - [19/Jan/2026:05:45:45 -0700] "GET /wp-content/plugins/woocommerce/assets/css/photoswipe/photoswipe.min.css?ver=10.3.7 HTTP/2.0" 200 1150 "https://smilescenter.gr/?fbclid=IwZXh0bgNhZW0CMTEAc3J0YwZhcHBfaWQMMjU2MjgxMDQwNTU4AAEeNvXnawqgnUvDUMU_d-EZwEvoYoYudmoxM5clmIomOPpAlgpKWadyPpjMWPg_aem_ZrQlVMCBZ3nZ1oM3lhqj5w" "Mozilla/5.0 (Windows NT 10.0; WOW64; rv:58.0) Gecko/20100101 Firefox/59.0" smilescenter.gr 10.36.211.156
31.13.127.60 - - [19/Jan/2026:05:45:45 -0700] "GET /wp-content/plugins/woocommerce/assets/css/photoswipe/default-skin/default-skin.min.css?ver=10.3.7 HTTP/2.0" 200 2352 "https://smilescenter.gr/?fbclid=IwZXh0bgNhZW0CMTEAc3J0YwZhcHBfaWQMMjU2MjgxMDQwNTU4AAEeNvXnawqgnUvDUMU_d-EZwEvoYoYudmoxM5clmIomOPpAlgpKWadyPpjMWPg_aem_ZrQlVMCBZ3nZ1oM3lhqj5w" "Mozilla/5.0 (Windows NT 10.0; WOW64; rv:58.0) Gecko/20100101 Firefox/59.0" smilescenter.gr 10.36.211.156
173.252.87.112 - - [19/Jan/2026:05:45:45 -0700] "GET /?fbclid=IwZXh0bgNhZW0CMTEAc3J0YwZhcHBfaWQMMjU2MjgxMDQwNTU4AAEefEIUviznFu5W800aF--O8DL8_hAQpVK2BNkx62VChQU3RoAo5EsB86o_bhA_aem_cQHva3Jt2v1Ti6OxQAFqZQ HTTP/2.0" 200 55291 "http://m.facebook.com" "Mozilla/5.0 (Linux; Android 10; K) AppleWebKit/537.36 (KHTML, like Gecko) Chrome/143.0.0.0 Mobile Safari/537.36" smilescenter.gr 10.36.211.156
31.13.127.60 - - [19/Jan/2026:05:45:45 -0700] "GET /wp-includes/js/jquery/jquery-migrate.min.js?ver=3.4.1 HTTP/2.0" 200 5422 "https://smilescenter.gr/?fbclid=IwZXh0bgNhZW0CMTEAc3J0YwZhcHBfaWQMMjU2MjgxMDQwNTU4AAEeNvXnawqgnUvDUMU_d-EZwEvoYoYudmoxM5clmIomOPpAlgpKWadyPpjMWPg_aem_ZrQlVMCBZ3nZ1oM3lhqj5w" "Mozilla/5.0 (Windows NT 10.0; WOW64; rv:58.0) Gecko/20100101 Firefox/59.0" smilescenter.gr 10.36.211.156
173.252.87.112 - - [19/Jan/2026:05:45:45 -0700] "GET /wp-content/plugins/goodlayers-core/plugins/fontawesome/font-awesome.css?ver=6.9 HTTP/2.0" 200 7057 "https://smilescenter.gr/?fbclid=IwZXh0bgNhZW0CMTEAc3J0YwZhcHBfaWQMMjU2MjgxMDQwNTU4AAEefEIUviznFu5W800aF--O8DL8_hAQpVK2BNkx62VChQU3RoAo5EsB86o_bhA_aem_cQHva3Jt2v1Ti6OxQAFqZQ" "Mozilla/5.0 (Linux; Android 10; K) AppleWebKit/537.36 (KHTML, like Gecko) Chrome/143.0.0.0 Mobile Safari/537.36" smilescenter.gr 10.36.211.156
173.252.87.112 - - [19/Jan/2026:05:45:45 -0700] "GET /wp-includes/css/dist/block-library/style.min.css?ver=6.9 HTTP/2.0" 200 22879 "https://smilescenter.gr/?fbclid=IwZXh0bgNhZW0CMTEAc3J0YwZhcHBfaWQMMjU2MjgxMDQwNTU4AAEefEIUviznFu5W800aF--O8DL8_hAQpVK2BNkx62VChQU3RoAo5EsB86o_bhA_aem_cQHva3Jt2v1Ti6OxQAFqZQ" "Mozilla/5.0 (Linux; Android 10; K) AppleWebKit/537.36 (KHTML, like Gecko) Chrome/143.0.0.0 Mobile Safari/537.36" smilescenter.gr 10.36.211.156
173.252.87.112 - - [19/Jan/2026:05:45:45 -0700] "GET /wp-content/plugins/goodlayers-core/plugins/elegant/elegant-font.css?ver=6.9 HTTP/2.0" 200 4556 "https://smilescenter.gr/?fbclid=IwZXh0bgNhZW0CMTEAc3J0YwZhcHBfaWQMMjU2MjgxMDQwNTU4AAEefEIUviznFu5W800aF--O8DL8_hAQpVK2BNkx62VChQU3RoAo5EsB86o_bhA_aem_cQHva3Jt2v1Ti6OxQAFqZQ" "Mozilla/5.0 (Linux; Android 10; K) AppleWebKit/537.36 (KHTML, like Gecko) Chrome/143.0.0.0 Mobile Safari/537.36" smilescenter.gr 10.36.211.156
173.252.87.112 - - [19/Jan/2026:05:45:45 -0700] "GET /wp-content/plugins/goodlayers-core/plugins/style.css?ver=1694346750 HTTP/2.0" 200 2879 "https://smilescenter.gr/?fbclid=IwZXh0bgNhZW0CMTEAc3J0YwZhcHBfaWQMMjU2MjgxMDQwNTU4AAEefEIUviznFu5W800aF--O8DL8_hAQpVK2BNkx62VChQU3RoAo5EsB86o_bhA_aem_cQHva3Jt2v1Ti6OxQAFqZQ" "Mozilla/5.0 (Linux; Android 10; K) AppleWebKit/537.36 (KHTML, like Gecko) Chrome/143.0.0.0 Mobile Safari/537.36" smilescenter.gr 10.36.211.156
31.13.127.60 - - [19/Jan/2026:05:45:45 -0700] "GET /wp-content/plugins/goodlayers-core/include/js/page-builder.js?ver=1.3.9 HTTP/2.0" 200 26559 "https://smilescenter.gr/?fbclid=IwZXh0bgNhZW0CMTEAc3J0YwZhcHBfaWQMMjU2MjgxMDQwNTU4AAEeNvXnawqgnUvDUMU_d-EZwEvoYoYudmoxM5clmIomOPpAlgpKWadyPpjMWPg_aem_ZrQlVMCBZ3nZ1oM3lhqj5w" "Mozilla/5.0 (Windows NT 10.0; WOW64; rv:58.0) Gecko/20100101 Firefox/59.0" smilescenter.gr 10.36.211.156
31.13.127.60 - - [19/Jan/2026:05:45:45 -0700] "GET /wp-content/plugins/goodlayers-core/plugins/script.js?ver=1694346750 HTTP/2.0" 200 159843 "https://smilescenter.gr/?fbclid=IwZXh0bgNhZW0CMTEAc3J0YwZhcHBfaWQMMjU2MjgxMDQwNTU4AAEeNvXnawqgnUvDUMU_d-EZwEvoYoYudmoxM5clmIomOPpAlgpKWadyPpjMWPg_aem_ZrQlVMCBZ3nZ1oM3lhqj5w" "Mozilla/5.0 (Windows NT 10.0; WOW64; rv:58.0) Gecko/20100101 Firefox/59.0" smilescenter.gr 10.36.211.156
173.252.87.112 - - [19/Jan/2026:05:45:45 -0700] "GET /wp-content/plugins/goodlayers-core/include/css/page-builder.css?ver=6.9 HTTP/2.0" 200 74969 "https://smilescenter.gr/?fbclid=IwZXh0bgNhZW0CMTEAc3J0YwZhcHBfaWQMMjU2MjgxMDQwNTU4AAEefEIUviznFu5W800aF--O8DL8_hAQpVK2BNkx62VChQU3RoAo5EsB86o_bhA_aem_cQHva3Jt2v1Ti6OxQAFqZQ" "Mozilla/5.0 (Linux; Android 10; K) AppleWebKit/537.36 (KHTML, like Gecko) Chrome/143.0.0.0 Mobile Safari/537.36" smilescenter.gr 10.36.211.156
173.252.87.112 - - [19/Jan/2026:05:45:46 -0700] "GET /wp-content/plugins/woocommerce/assets/css/woocommerce-layout.css?ver=10.3.7 HTTP/2.0" 200 4169 "https://smilescenter.gr/?fbclid=IwZXh0bgNhZW0CMTEAc3J0YwZhcHBfaWQMMjU2MjgxMDQwNTU4AAEefEIUviznFu5W800aF--O8DL8_hAQpVK2BNkx62VChQU3RoAo5EsB86o_bhA_aem_cQHva3Jt2v1Ti6OxQAFqZQ" "Mozilla/5.0 (Linux; Android 10; K) AppleWebKit/537.36 (KHTML, like Gecko) Chrome/143.0.0.0 Mobile Safari/537.36" smilescenter.gr 10.36.211.156
31.13.127.60 - - [19/Jan/2026:05:45:46 -0700] "GET /wp-content/plugins/wp-google-map-plugin/assets/js/maps.js?ver=4.8.7 HTTP/2.0" 200 251789 "https://smilescenter.gr/?fbclid=IwZXh0bgNhZW0CMTEAc3J0YwZhcHBfaWQMMjU2MjgxMDQwNTU4AAEeNvXnawqgnUvDUMU_d-EZwEvoYoYudmoxM5clmIomOPpAlgpKWadyPpjMWPg_aem_ZrQlVMCBZ3nZ1oM3lhqj5w" "Mozilla/5.0 (Windows NT 10.0; WOW64; rv:58.0) Gecko/20100101 Firefox/59.0" smilescenter.gr 10.36.211.156
173.252.87.112 - - [19/Jan/2026:05:45:46 -0700] "GET /wp-content/plugins/woocommerce/assets/css/woocommerce-smallscreen.css?ver=10.3.7 HTTP/2.0" 200 1416 "https://smilescenter.gr/?fbclid=IwZXh0bgNhZW0CMTEAc3J0YwZhcHBfaWQMMjU2MjgxMDQwNTU4AAEefEIUviznFu5W800aF--O8DL8_hAQpVK2BNkx62VChQU3RoAo5EsB86o_bhA_aem_cQHva3Jt2v1Ti6OxQAFqZQ" "Mozilla/5.0 (Linux; Android 10; K) AppleWebKit/537.36 (KHTML, like Gecko) Chrome/143.0.0.0 Mobile Safari/537.36" smilescenter.gr 10.36.211.156
173.252.87.112 - - [19/Jan/2026:05:45:46 -0700] "GET /wp-content/plugins/woocommerce/assets/css/woocommerce.css?ver=10.3.7 HTTP/2.0" 200 16714 "https://smilescenter.gr/?fbclid=IwZXh0bgNhZW0CMTEAc3J0YwZhcHBfaWQMMjU2MjgxMDQwNTU4AAEefEIUviznFu5W800aF--O8DL8_hAQpVK2BNkx62VChQU3RoAo5EsB86o_bhA_aem_cQHva3Jt2v1Ti6OxQAFqZQ" "Mozilla/5.0 (Linux; Android 10; K) AppleWebKit/537.36 (KHTML, like Gecko) Chrome/143.0.0.0 Mobile Safari/537.36" smilescenter.gr 10.36.211.156
31.13.127.60 - - [19/Jan/2026:05:45:46 -0700] "GET /wp-includes/js/masonry.min.js?ver=4.2.2 HTTP/2.0" 200 9216 "https://smilescenter.gr/?fbclid=IwZXh0bgNhZW0CMTEAc3J0YwZhcHBfaWQMMjU2MjgxMDQwNTU4AAEeNvXnawqgnUvDUMU_d-EZwEvoYoYudmoxM5clmIomOPpAlgpKWadyPpjMWPg_aem_ZrQlVMCBZ3nZ1oM3lhqj5w" "Mozilla/5.0 (Windows NT 10.0; WOW64; rv:58.0) Gecko/20100101 Firefox/59.0" smilescenter.gr 10.36.211.156
173.252.87.112 - - [19/Jan/2026:05:45:46 -0700] "GET /wp-content/plugins/wp-google-map-plugin/assets/css/wpgmp_all_frontend.css?ver=4.8.7 HTTP/2.0" 200 30427 "https://smilescenter.gr/?fbclid=IwZXh0bgNhZW0CMTEAc3J0YwZhcHBfaWQMMjU2MjgxMDQwNTU4AAEefEIUviznFu5W800aF--O8DL8_hAQpVK2BNkx62VChQU3RoAo5EsB86o_bhA_aem_cQHva3Jt2v1Ti6OxQAFqZQ" "Mozilla/5.0 (Linux; Android 10; K) AppleWebKit/537.36 (KHTML, like Gecko) Chrome/143.0.0.0 Mobile Safari/537.36" smilescenter.gr 10.36.211.156
173.252.87.112 - - [19/Jan/2026:05:45:46 -0700] "GET /wp-content/plugins/yith-woocommerce-quick-view/assets/css/yith-quick-view.css?ver=2.10.0 HTTP/2.0" 200 2711 "https://smilescenter.gr/?fbclid=IwZXh0bgNhZW0CMTEAc3J0YwZhcHBfaWQMMjU2MjgxMDQwNTU4AAEefEIUviznFu5W800aF--O8DL8_hAQpVK2BNkx62VChQU3RoAo5EsB86o_bhA_aem_cQHva3Jt2v1Ti6OxQAFqZQ" "Mozilla/5.0 (Linux; Android 10; K) AppleWebKit/537.36 (KHTML, like Gecko) Chrome/143.0.0.0 Mobile Safari/537.36" smilescenter.gr 10.36.211.156
173.252.87.112 - - [19/Jan/2026:05:45:46 -0700] "GET /wp-content/plugins/yith-woocommerce-wishlist/assets/css/jquery.selectBox.css?ver=1.2.0 HTTP/2.0" 200 1032 "https://smilescenter.gr/?fbclid=IwZXh0bgNhZW0CMTEAc3J0YwZhcHBfaWQMMjU2MjgxMDQwNTU4AAEefEIUviznFu5W800aF--O8DL8_hAQpVK2BNkx62VChQU3RoAo5EsB86o_bhA_aem_cQHva3Jt2v1Ti6OxQAFqZQ" "Mozilla/5.0 (Linux; Android 10; K) AppleWebKit/537.36 (KHTML, like Gecko) Chrome/143.0.0.0 Mobile Safari/537.36" smilescenter.gr 10.36.211.156
173.252.87.112 - - [19/Jan/2026:05:45:46 -0700] "GET /wp-content/plugins/woocommerce/assets/css/prettyPhoto.css?ver=3.1.6 HTTP/2.0" 200 2700 "https://smilescenter.gr/?fbclid=IwZXh0bgNhZW0CMTEAc3J0YwZhcHBfaWQMMjU2MjgxMDQwNTU4AAEefEIUviznFu5W800aF--O8DL8_hAQpVK2BNkx62VChQU3RoAo5EsB86o_bhA_aem_cQHva3Jt2v1Ti6OxQAFqZQ" "Mozilla/5.0 (Linux; Android 10; K) AppleWebKit/537.36 (KHTML, like Gecko) Chrome/143.0.0.0 Mobile Safari/537.36" smilescenter.gr 10.36.211.156
31.13.127.60 - - [19/Jan/2026:05:45:46 -0700] "GET /wp-content/themes/exs/assets/vendors/glightbox/glightbox.min.js?ver=1.0.0 HTTP/2.0" 200 20117 "https://smilescenter.gr/?fbclid=IwZXh0bgNhZW0CMTEAc3J0YwZhcHBfaWQMMjU2MjgxMDQwNTU4AAEeNvXnawqgnUvDUMU_d-EZwEvoYoYudmoxM5clmIomOPpAlgpKWadyPpjMWPg_aem_ZrQlVMCBZ3nZ1oM3lhqj5w" "Mozilla/5.0 (Windows NT 10.0; WOW64; rv:58.0) Gecko/20100101 Firefox/59.0" smilescenter.gr 10.36.211.156
173.252.87.112 - - [19/Jan/2026:05:45:46 -0700] "GET /wp-content/plugins/yith-woocommerce-wishlist/assets/css/style.css?ver=4.11.0 HTTP/2.0" 200 9548 "https://smilescenter.gr/?fbclid=IwZXh0bgNhZW0CMTEAc3J0YwZhcHBfaWQMMjU2MjgxMDQwNTU4AAEefEIUviznFu5W800aF--O8DL8_hAQpVK2BNkx62VChQU3RoAo5EsB86o_bhA_aem_cQHva3Jt2v1Ti6OxQAFqZQ" "Mozilla/5.0 (Linux; Android 10; K) AppleWebKit/537.36 (KHTML, like Gecko) Chrome/143.0.0.0 Mobile Safari/537.36" smilescenter.gr 10.36.211.156
31.13.127.60 - - [19/Jan/2026:05:45:46 -0700] "GET /wp-content/themes/exs/assets/vendors/glightbox/glightbox.init.js?ver=1.0.0 HTTP/2.0" 200 257 "https://smilescenter.gr/?fbclid=IwZXh0bgNhZW0CMTEAc3J0YwZhcHBfaWQMMjU2MjgxMDQwNTU4AAEeNvXnawqgnUvDUMU_d-EZwEvoYoYudmoxM5clmIomOPpAlgpKWadyPpjMWPg_aem_ZrQlVMCBZ3nZ1oM3lhqj5w" "Mozilla/5.0 (Windows NT 10.0; WOW64; rv:58.0) Gecko/20100101 Firefox/59.0" smilescenter.gr 10.36.211.156
173.252.87.112 - - [19/Jan/2026:05:45:46 -0700] "GET /wp-content/plugins/woocommerce/assets/css/brands.css?ver=10.3.7 HTTP/2.0" 200 750 "https://smilescenter.gr/?fbclid=IwZXh0bgNhZW0CMTEAc3J0YwZhcHBfaWQMMjU2MjgxMDQwNTU4AAEefEIUviznFu5W800aF--O8DL8_hAQpVK2BNkx62VChQU3RoAo5EsB86o_bhA_aem_cQHva3Jt2v1Ti6OxQAFqZQ" "Mozilla/5.0 (Linux; Android 10; K) AppleWebKit/537.36 (KHTML, like Gecko) Chrome/143.0.0.0 Mobile Safari/537.36" smilescenter.gr 10.36.211.156
31.13.127.60 - - [19/Jan/2026:05:45:46 -0700] "GET /wp-content/plugins/wp-google-map-plugin/assets/js/wpgmp_frontend.js?ver=4.8.7 HTTP/2.0" 200 187271 "https://smilescenter.gr/?fbclid=IwZXh0bgNhZW0CMTEAc3J0YwZhcHBfaWQMMjU2MjgxMDQwNTU4AAEeNvXnawqgnUvDUMU_d-EZwEvoYoYudmoxM5clmIomOPpAlgpKWadyPpjMWPg_aem_ZrQlVMCBZ3nZ1oM3lhqj5w" "Mozilla/5.0 (Windows NT 10.0; WOW64; rv:58.0) Gecko/20100101 Firefox/59.0" smilescenter.gr 10.36.211.156
173.252.87.112 - - [19/Jan/2026:05:45:45 -0700] "GET /wp-content/plugins/contact-form-7/includes/css/styles.css?ver=6.1.4 HTTP/2.0" 200 1080 "https://smilescenter.gr/?fbclid=IwZXh0bgNhZW0CMTEAc3J0YwZhcHBfaWQMMjU2MjgxMDQwNTU4AAEefEIUviznFu5W800aF--O8DL8_hAQpVK2BNkx62VChQU3RoAo5EsB86o_bhA_aem_cQHva3Jt2v1Ti6OxQAFqZQ" "Mozilla/5.0 (Linux; Android 10; K) AppleWebKit/537.36 (KHTML, like Gecko) Chrome/143.0.0.0 Mobile Safari/537.36" smilescenter.gr 10.36.211.156
173.252.87.112 - - [19/Jan/2026:05:45:46 -0700] "GET /wp-content/themes/exs/assets/css/main-1200.css?ver=1.0.0 HTTP/2.0" 200 29440 "https://smilescenter.gr/?fbclid=IwZXh0bgNhZW0CMTEAc3J0YwZhcHBfaWQMMjU2MjgxMDQwNTU4AAEefEIUviznFu5W800aF--O8DL8_hAQpVK2BNkx62VChQU3RoAo5EsB86o_bhA_aem_cQHva3Jt2v1Ti6OxQAFqZQ" "Mozilla/5.0 (Linux; Android 10; K) AppleWebKit/537.36 (KHTML, like Gecko) Chrome/143.0.0.0 Mobile Safari/537.36" smilescenter.gr 10.36.211.156
173.252.87.112 - - [19/Jan/2026:05:45:46 -0700] "GET /wp-content/themes/exs/assets/css/burger-type1.css?ver=1.0.0 HTTP/2.0" 200 147 "https://smilescenter.gr/?fbclid=IwZXh0bgNhZW0CMTEAc3J0YwZhcHBfaWQMMjU2MjgxMDQwNTU4AAEefEIUviznFu5W800aF--O8DL8_hAQpVK2BNkx62VChQU3RoAo5EsB86o_bhA_aem_cQHva3Jt2v1Ti6OxQAFqZQ" "Mozilla/5.0 (Linux; Android 10; K) AppleWebKit/537.36 (KHTML, like Gecko) Chrome/143.0.0.0 Mobile Safari/537.36" smilescenter.gr 10.36.211.156
31.13.127.60 - - [19/Jan/2026:05:45:46 -0700] "GET /wp-includes/js/dist/vendor/wp-polyfill.min.js?ver=3.15.0 HTTP/2.0" 200 14296 "https://smilescenter.gr/?fbclid=IwZXh0bgNhZW0CMTEAc3J0YwZhcHBfaWQMMjU2MjgxMDQwNTU4AAEeNvXnawqgnUvDUMU_d-EZwEvoYoYudmoxM5clmIomOPpAlgpKWadyPpjMWPg_aem_ZrQlVMCBZ3nZ1oM3lhqj5w" "Mozilla/5.0 (Windows NT 10.0; WOW64; rv:58.0) Gecko/20100101 Firefox/59.0" smilescenter.gr 10.36.211.156
173.252.87.112 - - [19/Jan/2026:05:45:46 -0700] "GET /wp-content/themes/exs/assets/css/pagination-type8.css?ver=1.0.0 HTTP/2.0" 200 484 "https://smilescenter.gr/?fbclid=IwZXh0bgNhZW0CMTEAc3J0YwZhcHBfaWQMMjU2MjgxMDQwNTU4AAEefEIUviznFu5W800aF--O8DL8_hAQpVK2BNkx62VChQU3RoAo5EsB86o_bhA_aem_cQHva3Jt2v1Ti6OxQAFqZQ" "Mozilla/5.0 (Linux; Android 10; K) AppleWebKit/537.36 (KHTML, like Gecko) Chrome/143.0.0.0 Mobile Safari/537.36" smilescenter.gr 10.36.211.156
31.13.127.60 - - [19/Jan/2026:05:45:46 -0700] "GET /wp-content/plugins/woocommerce/assets/js/sourcebuster/sourcebuster.min.js?ver=10.3.7 HTTP/2.0" 200 5670 "https://smilescenter.gr/?fbclid=IwZXh0bgNhZW0CMTEAc3J0YwZhcHBfaWQMMjU2MjgxMDQwNTU4AAEeNvXnawqgnUvDUMU_d-EZwEvoYoYudmoxM5clmIomOPpAlgpKWadyPpjMWPg_aem_ZrQlVMCBZ3nZ1oM3lhqj5w" "Mozilla/5.0 (Windows NT 10.0; WOW64; rv:58.0) Gecko/20100101 Firefox/59.0" smilescenter.gr 10.36.211.156
173.252.87.112 - - [19/Jan/2026:05:45:47 -0700] "GET /wp-content/themes/exs/assets/css/totop-type8.css?ver=1.0.0 HTTP/2.0" 200 149 "https://smilescenter.gr/?fbclid=IwZXh0bgNhZW0CMTEAc3J0YwZhcHBfaWQMMjU2MjgxMDQwNTU4AAEefEIUviznFu5W800aF--O8DL8_hAQpVK2BNkx62VChQU3RoAo5EsB86o_bhA_aem_cQHva3Jt2v1Ti6OxQAFqZQ" "Mozilla/5.0 (Linux; Android 10; K) AppleWebKit/537.36 (KHTML, like Gecko) Chrome/143.0.0.0 Mobile Safari/537.36" smilescenter.gr 10.36.211.156
173.252.87.112 - - [19/Jan/2026:05:45:47 -0700] "GET /wp-content/themes/exs/assets/css/search-type3.css?ver=1.0.0 HTTP/2.0" 200 231 "https://smilescenter.gr/?fbclid=IwZXh0bgNhZW0CMTEAc3J0YwZhcHBfaWQMMjU2MjgxMDQwNTU4AAEefEIUviznFu5W800aF--O8DL8_hAQpVK2BNkx62VChQU3RoAo5EsB86o_bhA_aem_cQHva3Jt2v1Ti6OxQAFqZQ" "Mozilla/5.0 (Linux; Android 10; K) AppleWebKit/537.36 (KHTML, like Gecko) Chrome/143.0.0.0 Mobile Safari/537.36" smilescenter.gr 10.36.211.156
173.252.87.112 - - [19/Jan/2026:05:45:47 -0700] "GET /wp-content/themes/exs/assets/css/shop.css?ver=1.0.0 HTTP/2.0" 200 10198 "https://smilescenter.gr/?fbclid=IwZXh0bgNhZW0CMTEAc3J0YwZhcHBfaWQMMjU2MjgxMDQwNTU4AAEefEIUviznFu5W800aF--O8DL8_hAQpVK2BNkx62VChQU3RoAo5EsB86o_bhA_aem_cQHva3Jt2v1Ti6OxQAFqZQ" "Mozilla/5.0 (Linux; Android 10; K) AppleWebKit/537.36 (KHTML, like Gecko) Chrome/143.0.0.0 Mobile Safari/537.36" smilescenter.gr 10.36.211.156
31.13.127.60 - - [19/Jan/2026:05:45:47 -0700] "GET /wp-includes/js/underscore.min.js?ver=1.13.7 HTTP/2.0" 200 8321 "https://smilescenter.gr/?fbclid=IwZXh0bgNhZW0CMTEAc3J0YwZhcHBfaWQMMjU2MjgxMDQwNTU4AAEeNvXnawqgnUvDUMU_d-EZwEvoYoYudmoxM5clmIomOPpAlgpKWadyPpjMWPg_aem_ZrQlVMCBZ3nZ1oM3lhqj5w" "Mozilla/5.0 (Windows NT 10.0; WOW64; rv:58.0) Gecko/20100101 Firefox/59.0" smilescenter.gr 10.36.211.156
173.252.87.112 - - [19/Jan/2026:05:45:47 -0700] "GET /wp-content/themes/exs-medic/assets/css/main.css?ver=1.0.0 HTTP/2.0" 200 728 "https://smilescenter.gr/?fbclid=IwZXh0bgNhZW0CMTEAc3J0YwZhcHBfaWQMMjU2MjgxMDQwNTU4AAEefEIUviznFu5W800aF--O8DL8_hAQpVK2BNkx62VChQU3RoAo5EsB86o_bhA_aem_cQHva3Jt2v1Ti6OxQAFqZQ" "Mozilla/5.0 (Linux; Android 10; K) AppleWebKit/537.36 (KHTML, like Gecko) Chrome/143.0.0.0 Mobile Safari/537.36" smilescenter.gr 10.36.211.156
173.252.87.112 - - [19/Jan/2026:05:45:47 -0700] "GET /wp-content/themes/exs/assets/vendors/glightbox/glightbox.min.css?ver=1.0.0 HTTP/2.0" 200 3369 "https://smilescenter.gr/?fbclid=IwZXh0bgNhZW0CMTEAc3J0YwZhcHBfaWQMMjU2MjgxMDQwNTU4AAEefEIUviznFu5W800aF--O8DL8_hAQpVK2BNkx62VChQU3RoAo5EsB86o_bhA_aem_cQHva3Jt2v1Ti6OxQAFqZQ" "Mozilla/5.0 (Linux; Android 10; K) AppleWebKit/537.36 (KHTML, like Gecko) Chrome/143.0.0.0 Mobile Safari/537.36" smilescenter.gr 10.36.211.156
173.252.87.112 - - [19/Jan/2026:05:45:47 -0700] "GET /wp-content/fonts/5f339b30eddba8a0dd9b9f8b86228216.css?ver=1.0.0 HTTP/2.0" 200 681 "https://smilescenter.gr/?fbclid=IwZXh0bgNhZW0CMTEAc3J0YwZhcHBfaWQMMjU2MjgxMDQwNTU4AAEefEIUviznFu5W800aF--O8DL8_hAQpVK2BNkx62VChQU3RoAo5EsB86o_bhA_aem_cQHva3Jt2v1Ti6OxQAFqZQ" "Mozilla/5.0 (Linux; Android 10; K) AppleWebKit/537.36 (KHTML, like Gecko) Chrome/143.0.0.0 Mobile Safari/537.36" smilescenter.gr 10.36.211.156
173.252.87.112 - - [19/Jan/2026:05:45:47 -0700] "GET /wp-includes/blocks/heading/style.min.css?ver=6.9 HTTP/2.0" 200 211 "https://smilescenter.gr/?fbclid=IwZXh0bgNhZW0CMTEAc3J0YwZhcHBfaWQMMjU2MjgxMDQwNTU4AAEefEIUviznFu5W800aF--O8DL8_hAQpVK2BNkx62VChQU3RoAo5EsB86o_bhA_aem_cQHva3Jt2v1Ti6OxQAFqZQ" "Mozilla/5.0 (Linux; Android 10; K) AppleWebKit/537.36 (KHTML, like Gecko) Chrome/143.0.0.0 Mobile Safari/537.36" smilescenter.gr 10.36.211.156
31.13.127.60 - - [19/Jan/2026:05:45:47 -0700] "GET /wp-content/plugins/woocommerce/assets/js/frontend/woocommerce.min.js?ver=10.3.7 HTTP/2.0" 200 1573 "https://smilescenter.gr/?fbclid=IwZXh0bgNhZW0CMTEAc3J0YwZhcHBfaWQMMjU2MjgxMDQwNTU4AAEeNvXnawqgnUvDUMU_d-EZwEvoYoYudmoxM5clmIomOPpAlgpKWadyPpjMWPg_aem_ZrQlVMCBZ3nZ1oM3lhqj5w" "Mozilla/5.0 (Windows NT 10.0; WOW64; rv:58.0) Gecko/20100101 Firefox/59.0" smilescenter.gr 10.36.211.156
173.252.87.112 - - [19/Jan/2026:05:45:47 -0700] "GET /wp-includes/blocks/paragraph/style.min.css?ver=6.9 HTTP/2.0" 200 341 "https://smilescenter.gr/?fbclid=IwZXh0bgNhZW0CMTEAc3J0YwZhcHBfaWQMMjU2MjgxMDQwNTU4AAEefEIUviznFu5W800aF--O8DL8_hAQpVK2BNkx62VChQU3RoAo5EsB86o_bhA_aem_cQHva3Jt2v1Ti6OxQAFqZQ" "Mozilla/5.0 (Linux; Android 10; K) AppleWebKit/537.36 (KHTML, like Gecko) Chrome/143.0.0.0 Mobile Safari/537.36" smilescenter.gr 10.36.211.156
173.252.87.112 - - [19/Jan/2026:05:45:47 -0700] "GET /wp-content/plugins/woocommerce/assets/client/blocks/wc-blocks.css?ver=wc-10.3.7 HTTP/2.0" 200 3314 "https://smilescenter.gr/?fbclid=IwZXh0bgNhZW0CMTEAc3J0YwZhcHBfaWQMMjU2MjgxMDQwNTU4AAEefEIUviznFu5W800aF--O8DL8_hAQpVK2BNkx62VChQU3RoAo5EsB86o_bhA_aem_cQHva3Jt2v1Ti6OxQAFqZQ" "Mozilla/5.0 (Linux; Android 10; K) AppleWebKit/537.36 (KHTML, like Gecko) Chrome/143.0.0.0 Mobile Safari/537.36" smilescenter.gr 10.36.211.156
31.13.127.60 - - [19/Jan/2026:05:45:47 -0700] "GET /wp-content/fonts/barlow/7cHpv4kjgoGqM7E_DMs5.woff2 HTTP/2.0" 200 21144 "https://smilescenter.gr/wp-content/fonts/5f339b30eddba8a0dd9b9f8b86228216.css?ver=1.0.0" "Mozilla/5.0 (Windows NT 10.0; WOW64; rv:58.0) Gecko/20100101 Firefox/59.0" smilescenter.gr 10.36.211.156
31.13.127.60 - - [19/Jan/2026:05:45:47 -0700] "GET /wp-content/fonts/barlow/7cHqv4kjgoGqM7E3t-4s51os.woff2 HTTP/2.0" 200 21724 "https://smilescenter.gr/wp-content/fonts/5f339b30eddba8a0dd9b9f8b86228216.css?ver=1.0.0" "Mozilla/5.0 (Windows NT 10.0; WOW64; rv:58.0) Gecko/20100101 Firefox/59.0" smilescenter.gr 10.36.211.156
173.252.87.112 - - [19/Jan/2026:05:45:47 -0700] "GET /wp-content/plugins/woocommerce/assets/css/photoswipe/photoswipe.min.css?ver=10.3.7 HTTP/2.0" 200 1150 "https://smilescenter.gr/?fbclid=IwZXh0bgNhZW0CMTEAc3J0YwZhcHBfaWQMMjU2MjgxMDQwNTU4AAEefEIUviznFu5W800aF--O8DL8_hAQpVK2BNkx62VChQU3RoAo5EsB86o_bhA_aem_cQHva3Jt2v1Ti6OxQAFqZQ" "Mozilla/5.0 (Linux; Android 10; K) AppleWebKit/537.36 (KHTML, like Gecko) Chrome/143.0.0.0 Mobile Safari/537.36" smilescenter.gr 10.36.211.156
173.252.87.112 - - [19/Jan/2026:05:45:47 -0700] "GET /wp-content/plugins/woocommerce/assets/css/photoswipe/default-skin/default-skin.min.css?ver=10.3.7 HTTP/2.0" 200 2352 "https://smilescenter.gr/?fbclid=IwZXh0bgNhZW0CMTEAc3J0YwZhcHBfaWQMMjU2MjgxMDQwNTU4AAEefEIUviznFu5W800aF--O8DL8_hAQpVK2BNkx62VChQU3RoAo5EsB86o_bhA_aem_cQHva3Jt2v1Ti6OxQAFqZQ" "Mozilla/5.0 (Linux; Android 10; K) AppleWebKit/537.36 (KHTML, like Gecko) Chrome/143.0.0.0 Mobile Safari/537.36" smilescenter.gr 10.36.211.156
173.252.87.112 - - [19/Jan/2026:05:45:47 -0700] "GET /wp-content/plugins/revslider/sr6/assets/css/rs6.css?ver=6.7.18 HTTP/2.0" 200 16624 "https://smilescenter.gr/?fbclid=IwZXh0bgNhZW0CMTEAc3J0YwZhcHBfaWQMMjU2MjgxMDQwNTU4AAEefEIUviznFu5W800aF--O8DL8_hAQpVK2BNkx62VChQU3RoAo5EsB86o_bhA_aem_cQHva3Jt2v1Ti6OxQAFqZQ" "Mozilla/5.0 (Linux; Android 10; K) AppleWebKit/537.36 (KHTML, like Gecko) Chrome/143.0.0.0 Mobile Safari/537.36" smilescenter.gr 10.36.211.156
173.252.87.112 - - [19/Jan/2026:05:45:47 -0700] "GET /wp-includes/js/jquery/jquery.min.js?ver=3.7.1 HTTP/2.0" 304 - "https://smilescenter.gr/?fbclid=IwZXh0bgNhZW0CMTEAc3J0YwZhcHBfaWQMMjU2MjgxMDQwNTU4AAEefEIUviznFu5W800aF--O8DL8_hAQpVK2BNkx62VChQU3RoAo5EsB86o_bhA_aem_cQHva3Jt2v1Ti6OxQAFqZQ" "Mozilla/5.0 (Linux; Android 10; K) AppleWebKit/537.36 (KHTML, like Gecko) Chrome/143.0.0.0 Mobile Safari/537.36" smilescenter.gr 10.36.211.156
173.252.87.112 - - [19/Jan/2026:05:45:47 -0700] "GET /wp-includes/js/jquery/jquery-migrate.min.js?ver=3.4.1 HTTP/2.0" 200 5422 "https://smilescenter.gr/?fbclid=IwZXh0bgNhZW0CMTEAc3J0YwZhcHBfaWQMMjU2MjgxMDQwNTU4AAEefEIUviznFu5W800aF--O8DL8_hAQpVK2BNkx62VChQU3RoAo5EsB86o_bhA_aem_cQHva3Jt2v1Ti6OxQAFqZQ" "Mozilla/5.0 (Linux; Android 10; K) AppleWebKit/537.36 (KHTML, like Gecko) Chrome/143.0.0.0 Mobile Safari/537.36" smilescenter.gr 10.36.211.156
173.252.87.112 - - [19/Jan/2026:05:45:48 -0700] "GET /wp-includes/js/dist/i18n.min.js?ver=c26c3dc7bed366793375 HTTP/2.0" 200 2319 "https://smilescenter.gr/?fbclid=IwZXh0bgNhZW0CMTEAc3J0YwZhcHBfaWQMMjU2MjgxMDQwNTU4AAEefEIUviznFu5W800aF--O8DL8_hAQpVK2BNkx62VChQU3RoAo5EsB86o_bhA_aem_cQHva3Jt2v1Ti6OxQAFqZQ" "Mozilla/5.0 (Linux; Android 10; K) AppleWebKit/537.36 (KHTML, like Gecko) Chrome/143.0.0.0 Mobile Safari/537.36" smilescenter.gr 10.36.211.156
173.252.87.112 - - [19/Jan/2026:05:45:48 -0700] "GET /wp-includes/js/dist/hooks.min.js?ver=dd5603f07f9220ed27f1 HTTP/2.0" 200 2014 "https://smilescenter.gr/?fbclid=IwZXh0bgNhZW0CMTEAc3J0YwZhcHBfaWQMMjU2MjgxMDQwNTU4AAEefEIUviznFu5W800aF--O8DL8_hAQpVK2BNkx62VChQU3RoAo5EsB86o_bhA_aem_cQHva3Jt2v1Ti6OxQAFqZQ" "Mozilla/5.0 (Linux; Android 10; K) AppleWebKit/537.36 (KHTML, like Gecko) Chrome/143.0.0.0 Mobile Safari/537.36" smilescenter.gr 10.36.211.156
31.13.127.60 - - [19/Jan/2026:05:45:48 -0700] "GET /wp-content/plugins/revslider/sr6/assets/js/rs6.min.js?ver=6.7.18 HTTP/2.0" 200 144826 "https://smilescenter.gr/?fbclid=IwZXh0bgNhZW0CMTEAc3J0YwZhcHBfaWQMMjU2MjgxMDQwNTU4AAEeNvXnawqgnUvDUMU_d-EZwEvoYoYudmoxM5clmIomOPpAlgpKWadyPpjMWPg_aem_ZrQlVMCBZ3nZ1oM3lhqj5w" "Mozilla/5.0 (Windows NT 10.0; WOW64; rv:58.0) Gecko/20100101 Firefox/59.0" smilescenter.gr 10.36.211.156
31.13.127.60 - - [19/Jan/2026:05:45:48 -0700] "GET /wp-content/plugins/jetpack/jetpack_vendor/automattic/woocommerce-analytics/build/woocommerce-analytics-client.js?minify=false&ver=75adc3c1e2933e2c8c6a HTTP/2.0" 200 4937 "https://smilescenter.gr/?fbclid=IwZXh0bgNhZW0CMTEAc3J0YwZhcHBfaWQMMjU2MjgxMDQwNTU4AAEeNvXnawqgnUvDUMU_d-EZwEvoYoYudmoxM5clmIomOPpAlgpKWadyPpjMWPg_aem_ZrQlVMCBZ3nZ1oM3lhqj5w" "Mozilla/5.0 (Windows NT 10.0; WOW64; rv:58.0) Gecko/20100101 Firefox/59.0" smilescenter.gr 10.36.211.156
173.252.87.112 - - [19/Jan/2026:05:45:48 -0700] "GET /wp-content/plugins/contact-form-7/includes/js/index.js?ver=6.1.4 HTTP/2.0" 200 5501 "https://smilescenter.gr/?fbclid=IwZXh0bgNhZW0CMTEAc3J0YwZhcHBfaWQMMjU2MjgxMDQwNTU4AAEefEIUviznFu5W800aF--O8DL8_hAQpVK2BNkx62VChQU3RoAo5EsB86o_bhA_aem_cQHva3Jt2v1Ti6OxQAFqZQ" "Mozilla/5.0 (Linux; Android 10; K) AppleWebKit/537.36 (KHTML, like Gecko) Chrome/143.0.0.0 Mobile Safari/537.36" smilescenter.gr 10.36.211.156
173.252.87.112 - - [19/Jan/2026:05:45:48 -0700] "GET /wp-content/plugins/contact-form-7/includes/swv/js/index.js?ver=6.1.4 HTTP/2.0" 200 3813 "https://smilescenter.gr/?fbclid=IwZXh0bgNhZW0CMTEAc3J0YwZhcHBfaWQMMjU2MjgxMDQwNTU4AAEefEIUviznFu5W800aF--O8DL8_hAQpVK2BNkx62VChQU3RoAo5EsB86o_bhA_aem_cQHva3Jt2v1Ti6OxQAFqZQ" "Mozilla/5.0 (Linux; Android 10; K) AppleWebKit/537.36 (KHTML, like Gecko) Chrome/143.0.0.0 Mobile Safari/537.36" smilescenter.gr 10.36.211.156
173.252.87.112 - - [19/Jan/2026:05:45:48 -0700] "GET /wp-content/plugins/goodlayers-core/plugins/script.js?ver=1694346750 HTTP/2.0" 200 159843 "https://smilescenter.gr/?fbclid=IwZXh0bgNhZW0CMTEAc3J0YwZhcHBfaWQMMjU2MjgxMDQwNTU4AAEefEIUviznFu5W800aF--O8DL8_hAQpVK2BNkx62VChQU3RoAo5EsB86o_bhA_aem_cQHva3Jt2v1Ti6OxQAFqZQ" "Mozilla/5.0 (Linux; Android 10; K) AppleWebKit/537.36 (KHTML, like Gecko) Chrome/143.0.0.0 Mobile Safari/537.36" smilescenter.gr 10.36.211.156
31.13.127.60 - - [19/Jan/2026:05:45:48 -0700] "GET /wp-content/plugins/bluehost-wordpress-plugin/vendor/newfold-labs/wp-module-performance/build/assets/link-prefetch.min.js?ver=4.9.0 HTTP/2.0" 200 1181 "https://smilescenter.gr/?fbclid=IwZXh0bgNhZW0CMTEAc3J0YwZhcHBfaWQMMjU2MjgxMDQwNTU4AAEeNvXnawqgnUvDUMU_d-EZwEvoYoYudmoxM5clmIomOPpAlgpKWadyPpjMWPg_aem_ZrQlVMCBZ3nZ1oM3lhqj5w" "Mozilla/5.0 (Windows NT 10.0; WOW64; rv:58.0) Gecko/20100101 Firefox/59.0" smilescenter.gr 10.36.211.156
31.13.127.60 - - [19/Jan/2026:05:45:48 -0700] "GET /wp-content/plugins/woocommerce/assets/js/frontend/single-product.min.js?ver=10.3.7 HTTP/2.0" 200 3493 "https://smilescenter.gr/?fbclid=IwZXh0bgNhZW0CMTEAc3J0YwZhcHBfaWQMMjU2MjgxMDQwNTU4AAEeNvXnawqgnUvDUMU_d-EZwEvoYoYudmoxM5clmIomOPpAlgpKWadyPpjMWPg_aem_ZrQlVMCBZ3nZ1oM3lhqj5w" "Mozilla/5.0 (Windows NT 10.0; WOW64; rv:58.0) Gecko/20100101 Firefox/59.0" smilescenter.gr 10.36.211.156
31.13.127.60 - - [19/Jan/2026:05:45:48 -0700] "GET /wp-content/plugins/woocommerce/assets/css/woocommerce-smallscreen.css?ver=10.3.7 HTTP/2.0" 200 1416 "https://smilescenter.gr/?fbclid=IwZXh0bgNhZW0CMTEAc3J0YwZhcHBfaWQMMjU2MjgxMDQwNTU4AAEeNvXnawqgnUvDUMU_d-EZwEvoYoYudmoxM5clmIomOPpAlgpKWadyPpjMWPg_aem_ZrQlVMCBZ3nZ1oM3lhqj5w" "Mozilla/5.0 (Windows NT 10.0; WOW64; rv:58.0) Gecko/20100101 Firefox/59.0" smilescenter.gr 10.36.211.156
31.13.127.60 - - [19/Jan/2026:05:45:49 -0700] "GET /wp-content/themes/exs/assets/css/menu-desktop1.css?ver=1.0.0 HTTP/2.0" 200 396 "https://smilescenter.gr/?fbclid=IwZXh0bgNhZW0CMTEAc3J0YwZhcHBfaWQMMjU2MjgxMDQwNTU4AAEeNvXnawqgnUvDUMU_d-EZwEvoYoYudmoxM5clmIomOPpAlgpKWadyPpjMWPg_aem_ZrQlVMCBZ3nZ1oM3lhqj5w" "Mozilla/5.0 (Windows NT 10.0; WOW64; rv:58.0) Gecko/20100101 Firefox/59.0" smilescenter.gr 10.36.211.156
173.252.87.112 - - [19/Jan/2026:05:45:49 -0700] "GET /wp-content/plugins/goodlayers-core/include/js/page-builder.js?ver=1.3.9 HTTP/2.0" 200 26559 "https://smilescenter.gr/?fbclid=IwZXh0bgNhZW0CMTEAc3J0YwZhcHBfaWQMMjU2MjgxMDQwNTU4AAEefEIUviznFu5W800aF--O8DL8_hAQpVK2BNkx62VChQU3RoAo5EsB86o_bhA_aem_cQHva3Jt2v1Ti6OxQAFqZQ" "Mozilla/5.0 (Linux; Android 10; K) AppleWebKit/537.36 (KHTML, like Gecko) Chrome/143.0.0.0 Mobile Safari/537.36" smilescenter.gr 10.36.211.156
173.252.87.112 - - [19/Jan/2026:05:45:49 -0700] "GET /wp-includes/js/imagesloaded.min.js?ver=5.0.0 HTTP/2.0" 200 2112 "https://smilescenter.gr/?fbclid=IwZXh0bgNhZW0CMTEAc3J0YwZhcHBfaWQMMjU2MjgxMDQwNTU4AAEefEIUviznFu5W800aF--O8DL8_hAQpVK2BNkx62VChQU3RoAo5EsB86o_bhA_aem_cQHva3Jt2v1Ti6OxQAFqZQ" "Mozilla/5.0 (Linux; Android 10; K) AppleWebKit/537.36 (KHTML, like Gecko) Chrome/143.0.0.0 Mobile Safari/537.36" smilescenter.gr 10.36.211.156
173.252.87.112 - - [19/Jan/2026:05:45:50 -0700] "GET /wp-includes/js/jquery/jquery.masonry.min.js?ver=3.1.2b HTTP/2.0" 200 724 "https://smilescenter.gr/?fbclid=IwZXh0bgNhZW0CMTEAc3J0YwZhcHBfaWQMMjU2MjgxMDQwNTU4AAEefEIUviznFu5W800aF--O8DL8_hAQpVK2BNkx62VChQU3RoAo5EsB86o_bhA_aem_cQHva3Jt2v1Ti6OxQAFqZQ" "Mozilla/5.0 (Linux; Android 10; K) AppleWebKit/537.36 (KHTML, like Gecko) Chrome/143.0.0.0 Mobile Safari/537.36" smilescenter.gr 10.36.211.156
173.252.87.112 - - [19/Jan/2026:05:45:50 -0700] "GET /wp-includes/js/masonry.min.js?ver=4.2.2 HTTP/2.0" 200 9216 "https://smilescenter.gr/?fbclid=IwZXh0bgNhZW0CMTEAc3J0YwZhcHBfaWQMMjU2MjgxMDQwNTU4AAEefEIUviznFu5W800aF--O8DL8_hAQpVK2BNkx62VChQU3RoAo5EsB86o_bhA_aem_cQHva3Jt2v1Ti6OxQAFqZQ" "Mozilla/5.0 (Linux; Android 10; K) AppleWebKit/537.36 (KHTML, like Gecko) Chrome/143.0.0.0 Mobile Safari/537.36" smilescenter.gr 10.36.211.156
173.252.87.112 - - [19/Jan/2026:05:45:50 -0700] "GET /wp-content/plugins/wp-google-map-plugin/assets/js/maps.js?ver=4.8.7 HTTP/2.0" 200 251789 "https://smilescenter.gr/?fbclid=IwZXh0bgNhZW0CMTEAc3J0YwZhcHBfaWQMMjU2MjgxMDQwNTU4AAEefEIUviznFu5W800aF--O8DL8_hAQpVK2BNkx62VChQU3RoAo5EsB86o_bhA_aem_cQHva3Jt2v1Ti6OxQAFqZQ" "Mozilla/5.0 (Linux; Android 10; K) AppleWebKit/537.36 (KHTML, like Gecko) Chrome/143.0.0.0 Mobile Safari/537.36" smilescenter.gr 10.36.211.156
173.252.87.112 - - [19/Jan/2026:05:45:50 -0700] "GET /wp-content/plugins/wp-google-map-plugin/assets/js/wpgmp_frontend.js?ver=4.8.7 HTTP/2.0" 200 187271 "https://smilescenter.gr/?fbclid=IwZXh0bgNhZW0CMTEAc3J0YwZhcHBfaWQMMjU2MjgxMDQwNTU4AAEefEIUviznFu5W800aF--O8DL8_hAQpVK2BNkx62VChQU3RoAo5EsB86o_bhA_aem_cQHva3Jt2v1Ti6OxQAFqZQ" "Mozilla/5.0 (Linux; Android 10; K) AppleWebKit/537.36 (KHTML, like Gecko) Chrome/143.0.0.0 Mobile Safari/537.36" smilescenter.gr 10.36.211.156
173.252.87.112 - - [19/Jan/2026:05:45:50 -0700] "GET /wp-content/plugins/yith-woocommerce-quick-view/assets/js/frontend.min.js?ver=2.10.0 HTTP/2.0" 200 954 "https://smilescenter.gr/?fbclid=IwZXh0bgNhZW0CMTEAc3J0YwZhcHBfaWQMMjU2MjgxMDQwNTU4AAEefEIUviznFu5W800aF--O8DL8_hAQpVK2BNkx62VChQU3RoAo5EsB86o_bhA_aem_cQHva3Jt2v1Ti6OxQAFqZQ" "Mozilla/5.0 (Linux; Android 10; K) AppleWebKit/537.36 (KHTML, like Gecko) Chrome/143.0.0.0 Mobile Safari/537.36" smilescenter.gr 10.36.211.156
173.252.87.112 - - [19/Jan/2026:05:45:50 -0700] "GET /wp-content/themes/exs/assets/vendors/glightbox/glightbox.min.js?ver=1.0.0 HTTP/2.0" 200 20117 "https://smilescenter.gr/?fbclid=IwZXh0bgNhZW0CMTEAc3J0YwZhcHBfaWQMMjU2MjgxMDQwNTU4AAEefEIUviznFu5W800aF--O8DL8_hAQpVK2BNkx62VChQU3RoAo5EsB86o_bhA_aem_cQHva3Jt2v1Ti6OxQAFqZQ" "Mozilla/5.0 (Linux; Android 10; K) AppleWebKit/537.36 (KHTML, like Gecko) Chrome/143.0.0.0 Mobile Safari/537.36" smilescenter.gr 10.36.211.156
173.252.87.112 - - [19/Jan/2026:05:45:50 -0700] "GET /wp-content/themes/exs/assets/js/min/init.js?ver=1.0.0 HTTP/2.0" 200 2452 "https://smilescenter.gr/?fbclid=IwZXh0bgNhZW0CMTEAc3J0YwZhcHBfaWQMMjU2MjgxMDQwNTU4AAEefEIUviznFu5W800aF--O8DL8_hAQpVK2BNkx62VChQU3RoAo5EsB86o_bhA_aem_cQHva3Jt2v1Ti6OxQAFqZQ" "Mozilla/5.0 (Linux; Android 10; K) AppleWebKit/537.36 (KHTML, like Gecko) Chrome/143.0.0.0 Mobile Safari/537.36" smilescenter.gr 10.36.211.156
173.252.87.112 - - [19/Jan/2026:05:45:51 -0700] "GET /wp-content/themes/exs/assets/vendors/glightbox/glightbox.init.js?ver=1.0.0 HTTP/2.0" 200 257 "https://smilescenter.gr/?fbclid=IwZXh0bgNhZW0CMTEAc3J0YwZhcHBfaWQMMjU2MjgxMDQwNTU4AAEefEIUviznFu5W800aF--O8DL8_hAQpVK2BNkx62VChQU3RoAo5EsB86o_bhA_aem_cQHva3Jt2v1Ti6OxQAFqZQ" "Mozilla/5.0 (Linux; Android 10; K) AppleWebKit/537.36 (KHTML, like Gecko) Chrome/143.0.0.0 Mobile Safari/537.36" smilescenter.gr 10.36.211.156
173.252.87.112 - - [19/Jan/2026:05:45:51 -0700] "GET /wp-includes/js/dist/vendor/wp-polyfill.min.js?ver=3.15.0 HTTP/2.0" 200 14296 "https://smilescenter.gr/?fbclid=IwZXh0bgNhZW0CMTEAc3J0YwZhcHBfaWQMMjU2MjgxMDQwNTU4AAEefEIUviznFu5W800aF--O8DL8_hAQpVK2BNkx62VChQU3RoAo5EsB86o_bhA_aem_cQHva3Jt2v1Ti6OxQAFqZQ" "Mozilla/5.0 (Linux; Android 10; K) AppleWebKit/537.36 (KHTML, like Gecko) Chrome/143.0.0.0 Mobile Safari/537.36" smilescenter.gr 10.36.211.156
173.252.87.112 - - [19/Jan/2026:05:45:51 -0700] "GET /wp-content/plugins/woocommerce/assets/js/sourcebuster/sourcebuster.min.js?ver=10.3.7 HTTP/2.0" 200 5670 "https://smilescenter.gr/?fbclid=IwZXh0bgNhZW0CMTEAc3J0YwZhcHBfaWQMMjU2MjgxMDQwNTU4AAEefEIUviznFu5W800aF--O8DL8_hAQpVK2BNkx62VChQU3RoAo5EsB86o_bhA_aem_cQHva3Jt2v1Ti6OxQAFqZQ" "Mozilla/5.0 (Linux; Android 10; K) AppleWebKit/537.36 (KHTML, like Gecko) Chrome/143.0.0.0 Mobile Safari/537.36" smilescenter.gr 10.36.211.156
173.252.87.112 - - [19/Jan/2026:05:45:51 -0700] "GET /wp-content/plugins/woocommerce/assets/js/frontend/order-attribution.min.js?ver=10.3.7 HTTP/2.0" 200 1157 "https://smilescenter.gr/?fbclid=IwZXh0bgNhZW0CMTEAc3J0YwZhcHBfaWQMMjU2MjgxMDQwNTU4AAEefEIUviznFu5W800aF--O8DL8_hAQpVK2BNkx62VChQU3RoAo5EsB86o_bhA_aem_cQHva3Jt2v1Ti6OxQAFqZQ" "Mozilla/5.0 (Linux; Android 10; K) AppleWebKit/537.36 (KHTML, like Gecko) Chrome/143.0.0.0 Mobile Safari/537.36" smilescenter.gr 10.36.211.156
173.252.87.112 - - [19/Jan/2026:05:45:51 -0700] "GET /wp-includes/js/underscore.min.js?ver=1.13.7 HTTP/2.0" 200 8321 "https://smilescenter.gr/?fbclid=IwZXh0bgNhZW0CMTEAc3J0YwZhcHBfaWQMMjU2MjgxMDQwNTU4AAEefEIUviznFu5W800aF--O8DL8_hAQpVK2BNkx62VChQU3RoAo5EsB86o_bhA_aem_cQHva3Jt2v1Ti6OxQAFqZQ" "Mozilla/5.0 (Linux; Android 10; K) AppleWebKit/537.36 (KHTML, like Gecko) Chrome/143.0.0.0 Mobile Safari/537.36" smilescenter.gr 10.36.211.156
173.252.87.112 - - [19/Jan/2026:05:45:51 -0700] "GET /wp-includes/js/wp-util.min.js?ver=6.9 HTTP/2.0" 200 758 "https://smilescenter.gr/?fbclid=IwZXh0bgNhZW0CMTEAc3J0YwZhcHBfaWQMMjU2MjgxMDQwNTU4AAEefEIUviznFu5W800aF--O8DL8_hAQpVK2BNkx62VChQU3RoAo5EsB86o_bhA_aem_cQHva3Jt2v1Ti6OxQAFqZQ" "Mozilla/5.0 (Linux; Android 10; K) AppleWebKit/537.36 (KHTML, like Gecko) Chrome/143.0.0.0 Mobile Safari/537.36" smilescenter.gr 10.36.211.156
173.252.87.112 - - [19/Jan/2026:05:45:51 -0700] "GET /wp-content/plugins/woocommerce/assets/js/frontend/add-to-cart.min.js?ver=10.3.7 HTTP/2.0" 200 1571 "https://smilescenter.gr/?fbclid=IwZXh0bgNhZW0CMTEAc3J0YwZhcHBfaWQMMjU2MjgxMDQwNTU4AAEefEIUviznFu5W800aF--O8DL8_hAQpVK2BNkx62VChQU3RoAo5EsB86o_bhA_aem_cQHva3Jt2v1Ti6OxQAFqZQ" "Mozilla/5.0 (Linux; Android 10; K) AppleWebKit/537.36 (KHTML, like Gecko) Chrome/143.0.0.0 Mobile Safari/537.36" smilescenter.gr 10.36.211.156
173.252.87.112 - - [19/Jan/2026:05:45:51 -0700] "GET /wp-content/plugins/woocommerce/assets/js/jquery-blockui/jquery.blockUI.min.js?ver=2.7.0-wc.10.3.7 HTTP/2.0" 200 4014 "https://smilescenter.gr/?fbclid=IwZXh0bgNhZW0CMTEAc3J0YwZhcHBfaWQMMjU2MjgxMDQwNTU4AAEefEIUviznFu5W800aF--O8DL8_hAQpVK2BNkx62VChQU3RoAo5EsB86o_bhA_aem_cQHva3Jt2v1Ti6OxQAFqZQ" "Mozilla/5.0 (Linux; Android 10; K) AppleWebKit/537.36 (KHTML, like Gecko) Chrome/143.0.0.0 Mobile Safari/537.36" smilescenter.gr 10.36.211.156
173.252.87.112 - - [19/Jan/2026:05:45:51 -0700] "GET /wp-content/fonts/barlow/7cHpv4kjgoGqM7E_DMs5.woff2 HTTP/2.0" 200 21144 "https://smilescenter.gr/wp-content/fonts/5f339b30eddba8a0dd9b9f8b86228216.css?ver=1.0.0" "Mozilla/5.0 (Linux; Android 10; K) AppleWebKit/537.36 (KHTML, like Gecko) Chrome/143.0.0.0 Mobile Safari/537.36" smilescenter.gr 10.36.211.156
173.252.87.112 - - [19/Jan/2026:05:45:51 -0700] "GET /wp-content/fonts/barlow/7cHqv4kjgoGqM7E3t-4s51os.woff2 HTTP/2.0" 200 21724 "https://smilescenter.gr/wp-content/fonts/5f339b30eddba8a0dd9b9f8b86228216.css?ver=1.0.0" "Mozilla/5.0 (Linux; Android 10; K) AppleWebKit/537.36 (KHTML, like Gecko) Chrome/143.0.0.0 Mobile Safari/537.36" smilescenter.gr 10.36.211.156
173.252.87.112 - - [19/Jan/2026:05:45:51 -0700] "GET /wp-content/plugins/woocommerce/assets/js/js-cookie/js.cookie.min.js?ver=2.1.4-wc.10.3.7 HTTP/2.0" 200 850 "https://smilescenter.gr/?fbclid=IwZXh0bgNhZW0CMTEAc3J0YwZhcHBfaWQMMjU2MjgxMDQwNTU4AAEefEIUviznFu5W800aF--O8DL8_hAQpVK2BNkx62VChQU3RoAo5EsB86o_bhA_aem_cQHva3Jt2v1Ti6OxQAFqZQ" "Mozilla/5.0 (Linux; Android 10; K) AppleWebKit/537.36 (KHTML, like Gecko) Chrome/143.0.0.0 Mobile Safari/537.36" smilescenter.gr 10.36.211.156
173.252.87.112 - - [19/Jan/2026:05:45:51 -0700] "GET /wp-content/plugins/woocommerce/assets/js/frontend/woocommerce.min.js?ver=10.3.7 HTTP/2.0" 200 1573 "https://smilescenter.gr/?fbclid=IwZXh0bgNhZW0CMTEAc3J0YwZhcHBfaWQMMjU2MjgxMDQwNTU4AAEefEIUviznFu5W800aF--O8DL8_hAQpVK2BNkx62VChQU3RoAo5EsB86o_bhA_aem_cQHva3Jt2v1Ti6OxQAFqZQ" "Mozilla/5.0 (Linux; Android 10; K) AppleWebKit/537.36 (KHTML, like Gecko) Chrome/143.0.0.0 Mobile Safari/537.36" smilescenter.gr 10.36.211.156
173.252.87.112 - - [19/Jan/2026:05:45:52 -0700] "GET /wp-content/plugins/revslider/sr6/assets/js/rbtools.min.js?ver=6.7.18 HTTP/2.0" 200 76328 "https://smilescenter.gr/?fbclid=IwZXh0bgNhZW0CMTEAc3J0YwZhcHBfaWQMMjU2MjgxMDQwNTU4AAEefEIUviznFu5W800aF--O8DL8_hAQpVK2BNkx62VChQU3RoAo5EsB86o_bhA_aem_cQHva3Jt2v1Ti6OxQAFqZQ" "Mozilla/5.0 (Linux; Android 10; K) AppleWebKit/537.36 (KHTML, like Gecko) Chrome/143.0.0.0 Mobile Safari/537.36" smilescenter.gr 10.36.211.156
173.252.87.112 - - [19/Jan/2026:05:45:52 -0700] "GET /wp-content/plugins/bluehost-wordpress-plugin/vendor/newfold-labs/wp-module-performance/build/assets/link-prefetch.min.js?ver=4.9.0 HTTP/2.0" 200 1181 "https://smilescenter.gr/?fbclid=IwZXh0bgNhZW0CMTEAc3J0YwZhcHBfaWQMMjU2MjgxMDQwNTU4AAEefEIUviznFu5W800aF--O8DL8_hAQpVK2BNkx62VChQU3RoAo5EsB86o_bhA_aem_cQHva3Jt2v1Ti6OxQAFqZQ" "Mozilla/5.0 (Linux; Android 10; K) AppleWebKit/537.36 (KHTML, like Gecko) Chrome/143.0.0.0 Mobile Safari/537.36" smilescenter.gr 10.36.211.156
173.252.87.112 - - [19/Jan/2026:05:45:52 -0700] "GET /wp-content/plugins/revslider/sr6/assets/js/rs6.min.js?ver=6.7.18 HTTP/2.0" 200 144826 "https://smilescenter.gr/?fbclid=IwZXh0bgNhZW0CMTEAc3J0YwZhcHBfaWQMMjU2MjgxMDQwNTU4AAEefEIUviznFu5W800aF--O8DL8_hAQpVK2BNkx62VChQU3RoAo5EsB86o_bhA_aem_cQHva3Jt2v1Ti6OxQAFqZQ" "Mozilla/5.0 (Linux; Android 10; K) AppleWebKit/537.36 (KHTML, like Gecko) Chrome/143.0.0.0 Mobile Safari/537.36" smilescenter.gr 10.36.211.156
173.252.87.112 - - [19/Jan/2026:05:45:52 -0700] "GET /wp-content/plugins/jetpack/jetpack_vendor/automattic/woocommerce-analytics/build/woocommerce-analytics-client.js?minify=false&ver=75adc3c1e2933e2c8c6a HTTP/2.0" 200 4937 "https://smilescenter.gr/?fbclid=IwZXh0bgNhZW0CMTEAc3J0YwZhcHBfaWQMMjU2MjgxMDQwNTU4AAEefEIUviznFu5W800aF--O8DL8_hAQpVK2BNkx62VChQU3RoAo5EsB86o_bhA_aem_cQHva3Jt2v1Ti6OxQAFqZQ" "Mozilla/5.0 (Linux; Android 10; K) AppleWebKit/537.36 (KHTML, like Gecko) Chrome/143.0.0.0 Mobile Safari/537.36" smilescenter.gr 10.36.211.156
173.252.87.112 - - [19/Jan/2026:05:45:52 -0700] "GET /wp-content/plugins/woocommerce/assets/js/frontend/add-to-cart-variation.min.js?ver=10.3.7 HTTP/2.0" 200 4946 "https://smilescenter.gr/?fbclid=IwZXh0bgNhZW0CMTEAc3J0YwZhcHBfaWQMMjU2MjgxMDQwNTU4AAEefEIUviznFu5W800aF--O8DL8_hAQpVK2BNkx62VChQU3RoAo5EsB86o_bhA_aem_cQHva3Jt2v1Ti6OxQAFqZQ" "Mozilla/5.0 (Linux; Android 10; K) AppleWebKit/537.36 (KHTML, like Gecko) Chrome/143.0.0.0 Mobile Safari/537.36" smilescenter.gr 10.36.211.156
173.252.87.112 - - [19/Jan/2026:05:45:53 -0700] "GET /wp-content/plugins/woocommerce/assets/js/photoswipe/photoswipe-ui-default.min.js?ver=4.1.1-wc.10.3.7 HTTP/2.0" 200 4279 "https://smilescenter.gr/?fbclid=IwZXh0bgNhZW0CMTEAc3J0YwZhcHBfaWQMMjU2MjgxMDQwNTU4AAEefEIUviznFu5W800aF--O8DL8_hAQpVK2BNkx62VChQU3RoAo5EsB86o_bhA_aem_cQHva3Jt2v1Ti6OxQAFqZQ" "Mozilla/5.0 (Linux; Android 10; K) AppleWebKit/537.36 (KHTML, like Gecko) Chrome/143.0.0.0 Mobile Safari/537.36" smilescenter.gr 10.36.211.156
173.252.87.112 - - [19/Jan/2026:05:45:53 -0700] "GET /wp-content/plugins/woocommerce/assets/js/photoswipe/photoswipe.min.js?ver=4.1.1-wc.10.3.7 HTTP/2.0" 200 14448 "https://smilescenter.gr/?fbclid=IwZXh0bgNhZW0CMTEAc3J0YwZhcHBfaWQMMjU2MjgxMDQwNTU4AAEefEIUviznFu5W800aF--O8DL8_hAQpVK2BNkx62VChQU3RoAo5EsB86o_bhA_aem_cQHva3Jt2v1Ti6OxQAFqZQ" "Mozilla/5.0 (Linux; Android 10; K) AppleWebKit/537.36 (KHTML, like Gecko) Chrome/143.0.0.0 Mobile Safari/537.36" smilescenter.gr 10.36.211.156
173.252.87.112 - - [19/Jan/2026:05:45:53 -0700] "GET /wp-content/plugins/woocommerce/assets/js/frontend/single-product.min.js?ver=10.3.7 HTTP/2.0" 200 3493 "https://smilescenter.gr/?fbclid=IwZXh0bgNhZW0CMTEAc3J0YwZhcHBfaWQMMjU2MjgxMDQwNTU4AAEefEIUviznFu5W800aF--O8DL8_hAQpVK2BNkx62VChQU3RoAo5EsB86o_bhA_aem_cQHva3Jt2v1Ti6OxQAFqZQ" "Mozilla/5.0 (Linux; Android 10; K) AppleWebKit/537.36 (KHTML, like Gecko) Chrome/143.0.0.0 Mobile Safari/537.36" smilescenter.gr 10.36.211.156
173.252.87.112 - - [19/Jan/2026:05:45:53 -0700] "GET /wp-content/plugins/jetpack/jetpack_vendor/automattic/woocommerce-analytics/build/956.js?minify=false&ver=409e67b93e15d69e7918 HTTP/2.0" 200 3583 "https://smilescenter.gr/?fbclid=IwZXh0bgNhZW0CMTEAc3J0YwZhcHBfaWQMMjU2MjgxMDQwNTU4AAEefEIUviznFu5W800aF--O8DL8_hAQpVK2BNkx62VChQU3RoAo5EsB86o_bhA_aem_cQHva3Jt2v1Ti6OxQAFqZQ" "Mozilla/5.0 (Linux; Android 10; K) AppleWebKit/537.36 (KHTML, like Gecko) Chrome/143.0.0.0 Mobile Safari/537.36" smilescenter.gr 10.36.211.156
173.252.87.112 - - [19/Jan/2026:05:45:53 -0700] "GET /wp-content/themes/exs/assets/css/menu-desktop1.css?ver=1.0.0 HTTP/2.0" 200 396 "https://smilescenter.gr/?fbclid=IwZXh0bgNhZW0CMTEAc3J0YwZhcHBfaWQMMjU2MjgxMDQwNTU4AAEefEIUviznFu5W800aF--O8DL8_hAQpVK2BNkx62VChQU3RoAo5EsB86o_bhA_aem_cQHva3Jt2v1Ti6OxQAFqZQ" "Mozilla/5.0 (Linux; Android 10; K) AppleWebKit/537.36 (KHTML, like Gecko) Chrome/143.0.0.0 Mobile Safari/537.36" smilescenter.gr 10.36.211.156
173.252.87.12 - - [19/Jan/2026:05:46:08 -0700] "GET / HTTP/2.0" 200 55291 "https://smilescenter.gr/?fbclid=IwZXh0bgNhZW0CMTEAc3J0YwZhcHBfaWQMMjU2MjgxMDQwNTU4AAEefEIUviznFu5W800aF--O8DL8_hAQpVK2BNkx62VChQU3RoAo5EsB86o_bhA_aem_cQHva3Jt2v1Ti6OxQAFqZQ" "Mozilla/5.0 (Linux; Android 10; K) AppleWebKit/537.36 (KHTML, like Gecko) Chrome/143.0.0.0 Mobile Safari/537.36" smilescenter.gr 10.36.211.156
66.220.149.20 - - [19/Jan/2026:05:46:20 -0700] "GET /?fbclid=IwZXh0bgNhZW0CMTEAc3J0YwZhcHBfaWQMMjU2MjgxMDQwNTU4AAEeNvXnawqgnUvDUMU_d-EZwEvoYoYudmoxM5clmIomOPpAlgpKWadyPpjMWPg_aem_ZrQlVMCBZ3nZ1oM3lhqj5w HTTP/2.0" 200 55293 "-" "facebookexternalhit/1.1 (+http://www.facebook.com/externalhit_uatext.php)" smilescenter.gr 10.36.211.156
66.220.149.53 - - [19/Jan/2026:05:46:21 -0700] "GET /wp-includes/js/jquery/jquery.masonry.min.js?ver=3.1.2b HTTP/2.0" 200 724 "-" "facebookexternalhit/1.1 (+http://www.facebook.com/externalhit_uatext.php)" smilescenter.gr 10.36.211.156
66.220.149.12 - - [19/Jan/2026:05:46:21 -0700] "GET /wp-content/plugins/goodlayers-core/include/js/page-builder.js?ver=1.3.9 HTTP/2.0" 200 26559 "-" "facebookexternalhit/1.1 (+http://www.facebook.com/externalhit_uatext.php)" smilescenter.gr 10.36.211.156
66.220.149.40 - - [19/Jan/2026:05:46:21 -0700] "GET /wp-includes/js/imagesloaded.min.js?ver=5.0.0 HTTP/2.0" 200 2112 "-" "facebookexternalhit/1.1 (+http://www.facebook.com/externalhit_uatext.php)" smilescenter.gr 10.36.211.156
66.220.149.40 - - [19/Jan/2026:05:46:21 -0700] "GET /wp-includes/js/jquery/jquery-migrate.min.js?ver=3.4.1 HTTP/2.0" 200 5422 "-" "facebookexternalhit/1.1 (+http://www.facebook.com/externalhit_uatext.php)" smilescenter.gr 10.36.211.156
66.220.149.49 - - [19/Jan/2026:05:46:21 -0700] "GET /wp-content/plugins/woocommerce/assets/js/frontend/add-to-cart-variation.min.js?ver=10.3.7 HTTP/2.0" 200 4946 "-" "facebookexternalhit/1.1 (+http://www.facebook.com/externalhit_uatext.php)" smilescenter.gr 10.36.211.156
66.220.149.14 - - [19/Jan/2026:05:46:21 -0700] "GET /wp-content/themes/exs/assets/vendors/glightbox/glightbox.init.js?ver=1.0.0 HTTP/2.0" 200 257 "-" "facebookexternalhit/1.1 (+http://www.facebook.com/externalhit_uatext.php)" smilescenter.gr 10.36.211.156
66.220.149.115 - - [19/Jan/2026:05:46:21 -0700] "GET /wp-content/plugins/woocommerce/assets/js/js-cookie/js.cookie.min.js?ver=2.1.4-wc.10.3.7 HTTP/2.0" 200 850 "-" "facebookexternalhit/1.1 (+http://www.facebook.com/externalhit_uatext.php)" smilescenter.gr 10.36.211.156
66.220.149.48 - - [19/Jan/2026:05:46:21 -0700] "GET /wp-includes/js/underscore.min.js?ver=1.13.7 HTTP/2.0" 200 8321 "-" "facebookexternalhit/1.1 (+http://www.facebook.com/externalhit_uatext.php)" smilescenter.gr 10.36.211.156
66.220.149.15 - - [19/Jan/2026:05:46:21 -0700] "GET /wp-includes/js/masonry.min.js?ver=4.2.2 HTTP/2.0" 200 9216 "-" "facebookexternalhit/1.1 (+http://www.facebook.com/externalhit_uatext.php)" smilescenter.gr 10.36.211.156
66.220.149.12 - - [19/Jan/2026:05:46:21 -0700] "GET /wp-content/plugins/woocommerce/assets/js/frontend/woocommerce.min.js?ver=10.3.7 HTTP/2.0" 200 1573 "-" "facebookexternalhit/1.1 (+http://www.facebook.com/externalhit_uatext.php)" smilescenter.gr 10.36.211.156
66.220.149.22 - - [19/Jan/2026:05:46:21 -0700] "GET /wp-content/plugins/woocommerce/assets/js/frontend/add-to-cart.min.js?ver=10.3.7 HTTP/2.0" 200 1571 "-" "facebookexternalhit/1.1 (+http://www.facebook.com/externalhit_uatext.php)" smilescenter.gr 10.36.211.156
66.220.149.41 - - [19/Jan/2026:05:46:21 -0700] "GET /wp-includes/js/dist/vendor/wp-polyfill.min.js?ver=3.15.0 HTTP/2.0" 200 14296 "-" "facebookexternalhit/1.1 (+http://www.facebook.com/externalhit_uatext.php)" smilescenter.gr 10.36.211.156
66.220.149.39 - - [19/Jan/2026:05:46:21 -0700] "GET /wp-content/plugins/wp-google-map-plugin/assets/js/maps.js?ver=4.8.7 HTTP/2.0" 200 251789 "-" "facebookexternalhit/1.1 (+http://www.facebook.com/externalhit_uatext.php)" smilescenter.gr 10.36.211.156
66.220.149.39 - - [19/Jan/2026:05:46:21 -0700] "GET /wp-includes/js/dist/hooks.min.js?ver=dd5603f07f9220ed27f1 HTTP/2.0" 200 2014 "-" "facebookexternalhit/1.1 (+http://www.facebook.com/externalhit_uatext.php)" smilescenter.gr 10.36.211.156
66.220.149.9 - - [19/Jan/2026:05:46:21 -0700] "GET /wp-includes/js/dist/i18n.min.js?ver=c26c3dc7bed366793375 HTTP/2.0" 200 2319 "-" "facebookexternalhit/1.1 (+http://www.facebook.com/externalhit_uatext.php)" smilescenter.gr 10.36.211.156
66.220.149.45 - - [19/Jan/2026:05:46:21 -0700] "GET /wp-content/plugins/woocommerce/assets/js/photoswipe/photoswipe.min.js?ver=4.1.1-wc.10.3.7 HTTP/2.0" 200 14448 "-" "facebookexternalhit/1.1 (+http://www.facebook.com/externalhit_uatext.php)" smilescenter.gr 10.36.211.156
66.220.149.43 - - [19/Jan/2026:05:46:21 -0700] "GET /wp-content/plugins/woocommerce/assets/js/frontend/single-product.min.js?ver=10.3.7 HTTP/2.0" 200 3493 "-" "facebookexternalhit/1.1 (+http://www.facebook.com/externalhit_uatext.php)" smilescenter.gr 10.36.211.156
66.220.149.27 - - [19/Jan/2026:05:46:21 -0700] "GET /wp-content/themes/exs/assets/js/min/init.js?ver=1.0.0 HTTP/2.0" 200 2452 "-" "facebookexternalhit/1.1 (+http://www.facebook.com/externalhit_uatext.php)" smilescenter.gr 10.36.211.156
66.220.149.3 - - [19/Jan/2026:05:46:21 -0700] "GET /wp-content/plugins/bluehost-wordpress-plugin/vendor/newfold-labs/wp-module-performance/build/assets/link-prefetch.min.js?ver=4.9.0 HTTP/2.0" 200 1181 "-" "facebookexternalhit/1.1 (+http://www.facebook.com/externalhit_uatext.php)" smilescenter.gr 10.36.211.156
