85.73.196.99 - - [13/Jun/2021:14:50:21 -0600] "POST /wp-admin/admin-ajax.php HTTP/1.1" 200 191 "http://www.ilias-giouli.eu/wp-admin/nav-menus.php" "Mozilla/5.0 (Windows NT 10.0; Win64; x64) AppleWebKit/537.36 (KHTML, like Gecko) Chrome/91.0.4472.101 Safari/537.36" www.ilias-giouli.eu 162.241.218.112
85.73.196.99 - - [13/Jun/2021:14:50:29 -0600] "GET /wp-includes/js/codemirror/codemirror.min.css?ver=5.29.1-alpha-ee20357 HTTP/1.1" 304 - "http://www.ilias-giouli.eu/wp-admin/plugin-editor.php" "Mozilla/5.0 (Windows NT 10.0; Win64; x64) AppleWebKit/537.36 (KHTML, like Gecko) Chrome/91.0.4472.101 Safari/537.36" www.ilias-giouli.eu 162.241.218.112
85.73.196.99 - - [13/Jun/2021:14:50:29 -0600] "GET /wp-includes/js/codemirror/codemirror.min.js?ver=5.29.1-alpha-ee20357 HTTP/1.1" 304 - "http://www.ilias-giouli.eu/wp-admin/plugin-editor.php" "Mozilla/5.0 (Windows NT 10.0; Win64; x64) AppleWebKit/537.36 (KHTML, like Gecko) Chrome/91.0.4472.101 Safari/537.36" www.ilias-giouli.eu 162.241.218.112
85.73.196.99 - - [13/Jun/2021:14:50:29 -0600] "GET /wp-admin/js/code-editor.min.js?ver=5.7.2 HTTP/1.1" 304 - "http://www.ilias-giouli.eu/wp-admin/plugin-editor.php" "Mozilla/5.0 (Windows NT 10.0; Win64; x64) AppleWebKit/537.36 (KHTML, like Gecko) Chrome/91.0.4472.101 Safari/537.36" www.ilias-giouli.eu 162.241.218.112
85.73.196.99 - - [13/Jun/2021:14:50:29 -0600] "GET /wp-admin/js/theme-plugin-editor.min.js?ver=5.7.2 HTTP/1.1" 304 - "http://www.ilias-giouli.eu/wp-admin/plugin-editor.php" "Mozilla/5.0 (Windows NT 10.0; Win64; x64) AppleWebKit/537.36 (KHTML, like Gecko) Chrome/91.0.4472.101 Safari/537.36" www.ilias-giouli.eu 162.241.218.112
85.73.196.99 - - [13/Jun/2021:14:50:29 -0600] "GET /wp-includes/js/wp-sanitize.min.js?ver=5.7.2 HTTP/1.1" 304 - "http://www.ilias-giouli.eu/wp-admin/plugin-editor.php" "Mozilla/5.0 (Windows NT 10.0; Win64; x64) AppleWebKit/537.36 (KHTML, like Gecko) Chrome/91.0.4472.101 Safari/537.36" www.ilias-giouli.eu 162.241.218.112
85.73.196.99 - - [13/Jun/2021:14:50:28 -0600] "GET /wp-admin/plugin-editor.php HTTP/1.1" 200 39728 "http://www.ilias-giouli.eu/wp-admin/nav-menus.php" "Mozilla/5.0 (Windows NT 10.0; Win64; x64) AppleWebKit/537.36 (KHTML, like Gecko) Chrome/91.0.4472.101 Safari/537.36" www.ilias-giouli.eu 162.241.218.112
85.73.196.99 - - [13/Jun/2021:14:50:30 -0600] "GET /index.php?rest_route=/omapp/v1/notifications HTTP/1.1" 200 239 "http://www.ilias-giouli.eu/wp-admin/plugin-editor.php" "Mozilla/5.0 (Windows NT 10.0; Win64; x64) AppleWebKit/537.36 (KHTML, like Gecko) Chrome/91.0.4472.101 Safari/537.36" www.ilias-giouli.eu 162.241.218.112
85.73.196.99 - - [13/Jun/2021:14:50:30 -0600] "POST /wp-admin/admin-ajax.php HTTP/1.1" 200 191 "http://www.ilias-giouli.eu/wp-admin/plugin-editor.php" "Mozilla/5.0 (Windows NT 10.0; Win64; x64) AppleWebKit/537.36 (KHTML, like Gecko) Chrome/91.0.4472.101 Safari/537.36" www.ilias-giouli.eu 162.241.218.112
85.73.196.99 - - [13/Jun/2021:14:50:30 -0600] "GET /index.php?rest_route=/jetpack/v4/jitm&message_path=wp%3Aplugin-editor%3Aadmin_notices&query=&full_jp_logo_exists=false&_wpnonce=9568288abe HTTP/1.1" 200 1344 "http://www.ilias-giouli.eu/wp-admin/plugin-editor.php" "Mozilla/5.0 (Windows NT 10.0; Win64; x64) AppleWebKit/537.36 (KHTML, like Gecko) Chrome/91.0.4472.101 Safari/537.36" www.ilias-giouli.eu 162.241.218.112
85.73.196.99 - - [13/Jun/2021:14:50:32 -0600] "POST /wp-admin/admin-ajax.php HTTP/1.1" 200 1 "http://www.ilias-giouli.eu/wp-admin/plugin-editor.php" "Mozilla/5.0 (Windows NT 10.0; Win64; x64) AppleWebKit/537.36 (KHTML, like Gecko) Chrome/91.0.4472.101 Safari/537.36" www.ilias-giouli.eu 162.241.218.112
162.241.218.112 - - [13/Jun/2021:14:50:53 -0600] "POST /wp-cron.php?doing_wp_cron=1623617453.0720930099487304687500 HTTP/1.1" 200 - "http://www.ilias-giouli.eu/wp-cron.php?doing_wp_cron=1623617453.0720930099487304687500" "WordPress/5.7.2; http://www.ilias-giouli.eu" www.ilias-giouli.eu 162.241.218.112
85.73.196.99 - - [13/Jun/2021:14:50:52 -0600] "GET /wp-admin/edit.php?post_type=page HTTP/1.1" 200 94288 "http://www.ilias-giouli.eu/wp-admin/plugin-editor.php" "Mozilla/5.0 (Windows NT 10.0; Win64; x64) AppleWebKit/537.36 (KHTML, like Gecko) Chrome/91.0.4472.101 Safari/537.36" www.ilias-giouli.eu 162.241.218.112
85.73.196.99 - - [13/Jun/2021:14:50:54 -0600] "GET /wp-content/plugins/raratheme-companion/admin/css/raratheme-companion-admin.css?ver=1.3.7 HTTP/1.1" 304 - "http://www.ilias-giouli.eu/wp-admin/edit.php?post_type=page" "Mozilla/5.0 (Windows NT 10.0; Win64; x64) AppleWebKit/537.36 (KHTML, like Gecko) Chrome/91.0.4472.101 Safari/537.36" www.ilias-giouli.eu 162.241.218.112
85.73.196.99 - - [13/Jun/2021:14:50:54 -0600] "GET /wp-includes/js/imgareaselect/imgareaselect.css?ver=0.9.8 HTTP/1.1" 304 - "http://www.ilias-giouli.eu/wp-admin/edit.php?post_type=page" "Mozilla/5.0 (Windows NT 10.0; Win64; x64) AppleWebKit/537.36 (KHTML, like Gecko) Chrome/91.0.4472.101 Safari/537.36" www.ilias-giouli.eu 162.241.218.112
85.73.196.99 - - [13/Jun/2021:14:50:54 -0600] "GET /wp-content/plugins/raratheme-companion/admin/css/chosen.min.css?ver=1.3.7 HTTP/1.1" 304 - "http://www.ilias-giouli.eu/wp-admin/edit.php?post_type=page" "Mozilla/5.0 (Windows NT 10.0; Win64; x64) AppleWebKit/537.36 (KHTML, like Gecko) Chrome/91.0.4472.101 Safari/537.36" www.ilias-giouli.eu 162.241.218.112
85.73.196.99 - - [13/Jun/2021:14:50:54 -0600] "GET /wp-content/plugins/beaver-builder-lite-version/js/fl-builder-admin-posts-list.js?ver=2.4.2.3 HTTP/1.1" 304 - "http://www.ilias-giouli.eu/wp-admin/edit.php?post_type=page" "Mozilla/5.0 (Windows NT 10.0; Win64; x64) AppleWebKit/537.36 (KHTML, like Gecko) Chrome/91.0.4472.101 Safari/537.36" www.ilias-giouli.eu 162.241.218.112
85.73.196.99 - - [13/Jun/2021:14:50:54 -0600] "GET /wp-content/plugins/all-in-one-seo-pack/dist/Lite/assets/css/posts-table.css?ver=4.1.1.1 HTTP/1.1" 304 - "http://www.ilias-giouli.eu/wp-admin/edit.php?post_type=page" "Mozilla/5.0 (Windows NT 10.0; Win64; x64) AppleWebKit/537.36 (KHTML, like Gecko) Chrome/91.0.4472.101 Safari/537.36" www.ilias-giouli.eu 162.241.218.112
85.73.196.99 - - [13/Jun/2021:14:50:54 -0600] "GET /wp-includes/js/wp-backbone.min.js?ver=5.7.2 HTTP/1.1" 304 - "http://www.ilias-giouli.eu/wp-admin/edit.php?post_type=page" "Mozilla/5.0 (Windows NT 10.0; Win64; x64) AppleWebKit/537.36 (KHTML, like Gecko) Chrome/91.0.4472.101 Safari/537.36" www.ilias-giouli.eu 162.241.218.112
85.73.196.99 - - [13/Jun/2021:14:50:54 -0600] "GET /wp-includes/js/jquery/ui/menu.min.js?ver=1.12.1 HTTP/1.1" 304 - "http://www.ilias-giouli.eu/wp-admin/edit.php?post_type=page" "Mozilla/5.0 (Windows NT 10.0; Win64; x64) AppleWebKit/537.36 (KHTML, like Gecko) Chrome/91.0.4472.101 Safari/537.36" www.ilias-giouli.eu 162.241.218.112
85.73.196.99 - - [13/Jun/2021:14:50:54 -0600] "GET /wp-includes/js/jquery/ui/autocomplete.min.js?ver=1.12.1 HTTP/1.1" 304 - "http://www.ilias-giouli.eu/wp-admin/edit.php?post_type=page" "Mozilla/5.0 (Windows NT 10.0; Win64; x64) AppleWebKit/537.36 (KHTML, like Gecko) Chrome/91.0.4472.101 Safari/537.36" www.ilias-giouli.eu 162.241.218.112
85.73.196.99 - - [13/Jun/2021:14:50:54 -0600] "GET /wp-admin/js/tags-suggest.min.js?ver=5.7.2 HTTP/1.1" 304 - "http://www.ilias-giouli.eu/wp-admin/edit.php?post_type=page" "Mozilla/5.0 (Windows NT 10.0; Win64; x64) AppleWebKit/537.36 (KHTML, like Gecko) Chrome/91.0.4472.101 Safari/537.36" www.ilias-giouli.eu 162.241.218.112
85.73.196.99 - - [13/Jun/2021:14:50:54 -0600] "GET /wp-includes/js/shortcode.min.js?ver=5.7.2 HTTP/1.1" 304 - "http://www.ilias-giouli.eu/wp-admin/edit.php?post_type=page" "Mozilla/5.0 (Windows NT 10.0; Win64; x64) AppleWebKit/537.36 (KHTML, like Gecko) Chrome/91.0.4472.101 Safari/537.36" www.ilias-giouli.eu 162.241.218.112
85.73.196.99 - - [13/Jun/2021:14:50:54 -0600] "GET /wp-admin/js/inline-edit-post.min.js?ver=5.7.2 HTTP/1.1" 304 - "http://www.ilias-giouli.eu/wp-admin/edit.php?post_type=page" "Mozilla/5.0 (Windows NT 10.0; Win64; x64) AppleWebKit/537.36 (KHTML, like Gecko) Chrome/91.0.4472.101 Safari/537.36" www.ilias-giouli.eu 162.241.218.112
85.73.196.99 - - [13/Jun/2021:14:50:54 -0600] "GET /wp-includes/js/media-audiovideo.min.js?ver=5.7.2 HTTP/1.1" 304 - "http://www.ilias-giouli.eu/wp-admin/edit.php?post_type=page" "Mozilla/5.0 (Windows NT 10.0; Win64; x64) AppleWebKit/537.36 (KHTML, like Gecko) Chrome/91.0.4472.101 Safari/537.36" www.ilias-giouli.eu 162.241.218.112
85.73.196.99 - - [13/Jun/2021:14:50:54 -0600] "GET /wp-includes/js/media-models.min.js?ver=5.7.2 HTTP/1.1" 304 - "http://www.ilias-giouli.eu/wp-admin/edit.php?post_type=page" "Mozilla/5.0 (Windows NT 10.0; Win64; x64) AppleWebKit/537.36 (KHTML, like Gecko) Chrome/91.0.4472.101 Safari/537.36" www.ilias-giouli.eu 162.241.218.112
85.73.196.99 - - [13/Jun/2021:14:50:54 -0600] "GET /wp-includes/js/clipboard.min.js?ver=5.7.2 HTTP/1.1" 304 - "http://www.ilias-giouli.eu/wp-admin/edit.php?post_type=page" "Mozilla/5.0 (Windows NT 10.0; Win64; x64) AppleWebKit/537.36 (KHTML, like Gecko) Chrome/91.0.4472.101 Safari/537.36" www.ilias-giouli.eu 162.241.218.112
85.73.196.99 - - [13/Jun/2021:14:50:54 -0600] "GET /wp-includes/js/media-editor.min.js?ver=5.7.2 HTTP/1.1" 304 - "http://www.ilias-giouli.eu/wp-admin/edit.php?post_type=page" "Mozilla/5.0 (Windows NT 10.0; Win64; x64) AppleWebKit/537.36 (KHTML, like Gecko) Chrome/91.0.4472.101 Safari/537.36" www.ilias-giouli.eu 162.241.218.112
85.73.196.99 - - [13/Jun/2021:14:50:54 -0600] "GET /wp-includes/js/media-views.min.js?ver=5.7.2 HTTP/1.1" 304 - "http://www.ilias-giouli.eu/wp-admin/edit.php?post_type=page" "Mozilla/5.0 (Windows NT 10.0; Win64; x64) AppleWebKit/537.36 (KHTML, like Gecko) Chrome/91.0.4472.101 Safari/537.36" www.ilias-giouli.eu 162.241.218.112
85.73.196.99 - - [13/Jun/2021:14:50:54 -0600] "GET /wp-includes/js/plupload/wp-plupload.min.js?ver=5.7.2 HTTP/1.1" 304 - "http://www.ilias-giouli.eu/wp-admin/edit.php?post_type=page" "Mozilla/5.0 (Windows NT 10.0; Win64; x64) AppleWebKit/537.36 (KHTML, like Gecko) Chrome/91.0.4472.101 Safari/537.36" www.ilias-giouli.eu 162.241.218.112
85.73.196.99 - - [13/Jun/2021:14:50:55 -0600] "GET /wp-includes/js/imgareaselect/jquery.imgareaselect.min.js?ver=5.7.2 HTTP/1.1" 304 - "http://www.ilias-giouli.eu/wp-admin/edit.php?post_type=page" "Mozilla/5.0 (Windows NT 10.0; Win64; x64) AppleWebKit/537.36 (KHTML, like Gecko) Chrome/91.0.4472.101 Safari/537.36" www.ilias-giouli.eu 162.241.218.112
85.73.196.99 - - [13/Jun/2021:14:50:55 -0600] "GET /wp-admin/js/image-edit.min.js?ver=5.7.2 HTTP/1.1" 304 - "http://www.ilias-giouli.eu/wp-admin/edit.php?post_type=page" "Mozilla/5.0 (Windows NT 10.0; Win64; x64) AppleWebKit/537.36 (KHTML, like Gecko) Chrome/91.0.4472.101 Safari/537.36" www.ilias-giouli.eu 162.241.218.112
85.73.196.99 - - [13/Jun/2021:14:50:55 -0600] "GET /wp-content/plugins/raratheme-companion/admin/js/fontawesome/v4-shims.js?ver=5.6.3 HTTP/1.1" 304 - "http://www.ilias-giouli.eu/wp-admin/edit.php?post_type=page" "Mozilla/5.0 (Windows NT 10.0; Win64; x64) AppleWebKit/537.36 (KHTML, like Gecko) Chrome/91.0.4472.101 Safari/537.36" www.ilias-giouli.eu 162.241.218.112
85.73.196.99 - - [13/Jun/2021:14:50:55 -0600] "GET /wp-includes/js/mce-view.min.js?ver=5.7.2 HTTP/1.1" 304 - "http://www.ilias-giouli.eu/wp-admin/edit.php?post_type=page" "Mozilla/5.0 (Windows NT 10.0; Win64; x64) AppleWebKit/537.36 (KHTML, like Gecko) Chrome/91.0.4472.101 Safari/537.36" www.ilias-giouli.eu 162.241.218.112
85.73.196.99 - - [13/Jun/2021:14:50:55 -0600] "GET /wp-content/plugins/raratheme-companion/admin/js/fontawesome/all.js?ver=5.6.3 HTTP/1.1" 304 - "http://www.ilias-giouli.eu/wp-admin/edit.php?post_type=page" "Mozilla/5.0 (Windows NT 10.0; Win64; x64) AppleWebKit/537.36 (KHTML, like Gecko) Chrome/91.0.4472.101 Safari/537.36" www.ilias-giouli.eu 162.241.218.112
85.73.196.99 - - [13/Jun/2021:14:50:55 -0600] "GET /wp-includes/js/jquery/ui/slider.min.js?ver=1.12.1 HTTP/1.1" 304 - "http://www.ilias-giouli.eu/wp-admin/edit.php?post_type=page" "Mozilla/5.0 (Windows NT 10.0; Win64; x64) AppleWebKit/537.36 (KHTML, like Gecko) Chrome/91.0.4472.101 Safari/537.36" www.ilias-giouli.eu 162.241.218.112
85.73.196.99 - - [13/Jun/2021:14:50:55 -0600] "GET /wp-includes/js/jquery/jquery.ui.touch-punch.js?ver=0.2.2 HTTP/1.1" 304 - "http://www.ilias-giouli.eu/wp-admin/edit.php?post_type=page" "Mozilla/5.0 (Windows NT 10.0; Win64; x64) AppleWebKit/537.36 (KHTML, like Gecko) Chrome/91.0.4472.101 Safari/537.36" www.ilias-giouli.eu 162.241.218.112
85.73.196.99 - - [13/Jun/2021:14:50:55 -0600] "GET /wp-admin/js/color-picker.min.js?ver=5.7.2 HTTP/1.1" 304 - "http://www.ilias-giouli.eu/wp-admin/edit.php?post_type=page" "Mozilla/5.0 (Windows NT 10.0; Win64; x64) AppleWebKit/537.36 (KHTML, like Gecko) Chrome/91.0.4472.101 Safari/537.36" www.ilias-giouli.eu 162.241.218.112
85.73.196.99 - - [13/Jun/2021:14:50:55 -0600] "GET /wp-content/plugins/raratheme-companion/admin/js/raratheme-companion-admin.js?ver=1.3.7 HTTP/1.1" 304 - "http://www.ilias-giouli.eu/wp-admin/edit.php?post_type=page" "Mozilla/5.0 (Windows NT 10.0; Win64; x64) AppleWebKit/537.36 (KHTML, like Gecko) Chrome/91.0.4472.101 Safari/537.36" www.ilias-giouli.eu 162.241.218.112
85.73.196.99 - - [13/Jun/2021:14:50:55 -0600] "GET /wp-admin/js/iris.min.js?ver=1.0.7 HTTP/1.1" 304 - "http://www.ilias-giouli.eu/wp-admin/edit.php?post_type=page" "Mozilla/5.0 (Windows NT 10.0; Win64; x64) AppleWebKit/537.36 (KHTML, like Gecko) Chrome/91.0.4472.101 Safari/537.36" www.ilias-giouli.eu 162.241.218.112
85.73.196.99 - - [13/Jun/2021:14:50:55 -0600] "GET /wp-content/plugins/all-in-one-seo-pack/dist/Lite/assets/js/posts-table.js?ver=4.1.1.1 HTTP/1.1" 304 - "http://www.ilias-giouli.eu/wp-admin/edit.php?post_type=page" "Mozilla/5.0 (Windows NT 10.0; Win64; x64) AppleWebKit/537.36 (KHTML, like Gecko) Chrome/91.0.4472.101 Safari/537.36" www.ilias-giouli.eu 162.241.218.112
85.73.196.99 - - [13/Jun/2021:14:50:55 -0600] "GET /wp-content/plugins/raratheme-companion/admin/js/chosen.jquery.min.js?ver=1.3.7 HTTP/1.1" 304 - "http://www.ilias-giouli.eu/wp-admin/edit.php?post_type=page" "Mozilla/5.0 (Windows NT 10.0; Win64; x64) AppleWebKit/537.36 (KHTML, like Gecko) Chrome/91.0.4472.101 Safari/537.36" www.ilias-giouli.eu 162.241.218.112
85.73.196.99 - - [13/Jun/2021:14:50:55 -0600] "POST /wp-admin/admin-ajax.php HTTP/1.1" 200 191 "http://www.ilias-giouli.eu/wp-admin/edit.php?post_type=page" "Mozilla/5.0 (Windows NT 10.0; Win64; x64) AppleWebKit/537.36 (KHTML, like Gecko) Chrome/91.0.4472.101 Safari/537.36" www.ilias-giouli.eu 162.241.218.112
85.73.196.99 - - [13/Jun/2021:14:50:55 -0600] "POST /wp-admin/admin-ajax.php HTTP/1.1" 200 47 "http://www.ilias-giouli.eu/wp-admin/edit.php?post_type=page" "Mozilla/5.0 (Windows NT 10.0; Win64; x64) AppleWebKit/537.36 (KHTML, like Gecko) Chrome/91.0.4472.101 Safari/537.36" www.ilias-giouli.eu 162.241.218.112
85.73.196.99 - - [13/Jun/2021:14:50:55 -0600] "GET /index.php?rest_route=/jetpack/v4/jitm&message_path=wp%3Aedit-page%3Aadmin_notices&query=post_type%253Dpage&full_jp_logo_exists=false&_wpnonce=9568288abe HTTP/1.1" 200 2 "http://www.ilias-giouli.eu/wp-admin/edit.php?post_type=page" "Mozilla/5.0 (Windows NT 10.0; Win64; x64) AppleWebKit/537.36 (KHTML, like Gecko) Chrome/91.0.4472.101 Safari/537.36" www.ilias-giouli.eu 162.241.218.112
85.73.196.99 - - [13/Jun/2021:14:50:55 -0600] "GET /index.php?rest_route=/omapp/v1/notifications HTTP/1.1" 200 239 "http://www.ilias-giouli.eu/wp-admin/edit.php?post_type=page" "Mozilla/5.0 (Windows NT 10.0; Win64; x64) AppleWebKit/537.36 (KHTML, like Gecko) Chrome/91.0.4472.101 Safari/537.36" www.ilias-giouli.eu 162.241.218.112
162.241.218.112 - - [13/Jun/2021:14:51:12 -0600] "POST /wp-cron.php?doing_wp_cron=1623617471.9197349548339843750000 HTTP/1.1" 200 - "http://www.ilias-giouli.eu/wp-cron.php?doing_wp_cron=1623617471.9197349548339843750000" "WordPress/5.7.2; http://www.ilias-giouli.eu" www.ilias-giouli.eu 162.241.218.112
85.73.196.99 - - [13/Jun/2021:14:51:10 -0600] "POST /wp-admin/admin-ajax.php HTTP/1.1" 200 47 "http://www.ilias-giouli.eu/wp-admin/edit.php?post_type=page" "Mozilla/5.0 (Windows NT 10.0; Win64; x64) AppleWebKit/537.36 (KHTML, like Gecko) Chrome/91.0.4472.101 Safari/537.36" www.ilias-giouli.eu 162.241.218.112
85.73.196.99 - - [13/Jun/2021:14:51:19 -0600] "GET /wp-admin/edit.php HTTP/1.1" 200 85249 "http://www.ilias-giouli.eu/wp-admin/edit.php?post_type=page" "Mozilla/5.0 (Windows NT 10.0; Win64; x64) AppleWebKit/537.36 (KHTML, like Gecko) Chrome/91.0.4472.101 Safari/537.36" www.ilias-giouli.eu 162.241.218.112
85.73.196.99 - - [13/Jun/2021:14:51:21 -0600] "POST /wp-admin/admin-ajax.php HTTP/1.1" 200 47 "http://www.ilias-giouli.eu/wp-admin/edit.php" "Mozilla/5.0 (Windows NT 10.0; Win64; x64) AppleWebKit/537.36 (KHTML, like Gecko) Chrome/91.0.4472.101 Safari/537.36" www.ilias-giouli.eu 162.241.218.112
85.73.196.99 - - [13/Jun/2021:14:51:21 -0600] "GET /index.php?rest_route=/omapp/v1/notifications HTTP/1.1" 200 239 "http://www.ilias-giouli.eu/wp-admin/edit.php" "Mozilla/5.0 (Windows NT 10.0; Win64; x64) AppleWebKit/537.36 (KHTML, like Gecko) Chrome/91.0.4472.101 Safari/537.36" www.ilias-giouli.eu 162.241.218.112
85.73.196.99 - - [13/Jun/2021:14:51:21 -0600] "POST /wp-admin/admin-ajax.php HTTP/1.1" 200 191 "http://www.ilias-giouli.eu/wp-admin/edit.php" "Mozilla/5.0 (Windows NT 10.0; Win64; x64) AppleWebKit/537.36 (KHTML, like Gecko) Chrome/91.0.4472.101 Safari/537.36" www.ilias-giouli.eu 162.241.218.112
85.73.196.99 - - [13/Jun/2021:14:51:21 -0600] "GET /index.php?rest_route=/jetpack/v4/jitm&message_path=wp%3Aedit-post%3Aadmin_notices&query=&full_jp_logo_exists=false&_wpnonce=9568288abe HTTP/1.1" 200 2 "http://www.ilias-giouli.eu/wp-admin/edit.php" "Mozilla/5.0 (Windows NT 10.0; Win64; x64) AppleWebKit/537.36 (KHTML, like Gecko) Chrome/91.0.4472.101 Safari/537.36" www.ilias-giouli.eu 162.241.218.112
162.241.218.112 - - [13/Jun/2021:14:51:37 -0600] "POST /wp-cron.php?doing_wp_cron=1623617497.2735259532928466796875 HTTP/1.1" 200 - "http://www.ilias-giouli.eu/wp-cron.php?doing_wp_cron=1623617497.2735259532928466796875" "WordPress/5.7.2; http://www.ilias-giouli.eu" www.ilias-giouli.eu 162.241.218.112
85.73.196.99 - - [13/Jun/2021:14:51:36 -0600] "POST /wp-admin/admin-ajax.php HTTP/1.1" 200 47 "http://www.ilias-giouli.eu/wp-admin/edit.php" "Mozilla/5.0 (Windows NT 10.0; Win64; x64) AppleWebKit/537.36 (KHTML, like Gecko) Chrome/91.0.4472.101 Safari/537.36" www.ilias-giouli.eu 162.241.218.112
85.73.196.99 - - [13/Jun/2021:14:51:40 -0600] "POST /wp-admin/admin-ajax.php HTTP/1.1" 200 47 "http://www.ilias-giouli.eu/wp-admin/theme-editor.php?file=index.php&theme=chic-lite" "Mozilla/5.0 (Windows NT 10.0; Win64; x64) AppleWebKit/537.36 (KHTML, like Gecko) Chrome/91.0.4472.101 Safari/537.36" www.ilias-giouli.eu 162.241.218.112
85.73.196.99 - - [13/Jun/2021:14:51:42 -0600] "GET /wp-content/plugins/blossomthemes-instagram-feed/admin/css/images/logo.png HTTP/1.1" 200 6870 "http://www.ilias-giouli.eu/wp-admin/admin.php?page=class-blossomthemes-instagram-feed-admin.php" "Mozilla/5.0 (Windows NT 10.0; Win64; x64) AppleWebKit/537.36 (KHTML, like Gecko) Chrome/91.0.4472.101 Safari/537.36" www.ilias-giouli.eu 162.241.218.112
85.73.196.99 - - [13/Jun/2021:14:51:41 -0600] "GET /wp-admin/admin.php?page=class-blossomthemes-instagram-feed-admin.php HTTP/1.1" 200 37313 "http://www.ilias-giouli.eu/wp-admin/edit.php" "Mozilla/5.0 (Windows NT 10.0; Win64; x64) AppleWebKit/537.36 (KHTML, like Gecko) Chrome/91.0.4472.101 Safari/537.36" www.ilias-giouli.eu 162.241.218.112
85.73.196.99 - - [13/Jun/2021:14:51:43 -0600] "GET /index.php?rest_route=/omapp/v1/notifications HTTP/1.1" 200 239 "http://www.ilias-giouli.eu/wp-admin/admin.php?page=class-blossomthemes-instagram-feed-admin.php" "Mozilla/5.0 (Windows NT 10.0; Win64; x64) AppleWebKit/537.36 (KHTML, like Gecko) Chrome/91.0.4472.101 Safari/537.36" www.ilias-giouli.eu 162.241.218.112
85.73.196.99 - - [13/Jun/2021:14:51:43 -0600] "POST /wp-admin/admin-ajax.php HTTP/1.1" 200 191 "http://www.ilias-giouli.eu/wp-admin/admin.php?page=class-blossomthemes-instagram-feed-admin.php" "Mozilla/5.0 (Windows NT 10.0; Win64; x64) AppleWebKit/537.36 (KHTML, like Gecko) Chrome/91.0.4472.101 Safari/537.36" www.ilias-giouli.eu 162.241.218.112
85.73.196.99 - - [13/Jun/2021:14:51:43 -0600] "GET /index.php?rest_route=/jetpack/v4/jitm&message_path=wp%3Atoplevel_page_class-blossomthemes-instagram-feed-admin%3Aadmin_notices&query=page%253Dclass-blossomthemes-instagram-feed-admin.php&full_jp_logo_exists=false&_wpnonce=9568288abe HTTP/1.1" 200 2 "http://www.ilias-giouli.eu/wp-admin/admin.php?page=class-blossomthemes-instagram-feed-admin.php" "Mozilla/5.0 (Windows NT 10.0; Win64; x64) AppleWebKit/537.36 (KHTML, like Gecko) Chrome/91.0.4472.101 Safari/537.36" www.ilias-giouli.eu 162.241.218.112
162.241.218.112 - - [13/Jun/2021:14:51:55 -0600] "POST /wp-cron.php?doing_wp_cron=1623617515.4092459678649902343750 HTTP/1.1" 200 - "http://www.ilias-giouli.eu/wp-cron.php?doing_wp_cron=1623617515.4092459678649902343750" "WordPress/5.7.2; http://www.ilias-giouli.eu" www.ilias-giouli.eu 162.241.218.112
85.73.196.99 - - [13/Jun/2021:14:51:56 -0600] "GET /wp-content/plugins/google-analytics-for-wordpress/lite/assets/vue/css/chunk-common.css?ver=7.17.0 HTTP/1.1" 200 28698 "http://www.ilias-giouli.eu/wp-admin/admin.php?page=monsterinsights_reports" "Mozilla/5.0 (Windows NT 10.0; Win64; x64) AppleWebKit/537.36 (KHTML, like Gecko) Chrome/91.0.4472.101 Safari/537.36" www.ilias-giouli.eu 162.241.218.112
85.73.196.99 - - [13/Jun/2021:14:51:56 -0600] "GET /wp-content/plugins/google-analytics-for-wordpress/lite/assets/vue/css/reports.css?ver=7.17.0 HTTP/1.1" 200 22369 "http://www.ilias-giouli.eu/wp-admin/admin.php?page=monsterinsights_reports" "Mozilla/5.0 (Windows NT 10.0; Win64; x64) AppleWebKit/537.36 (KHTML, like Gecko) Chrome/91.0.4472.101 Safari/537.36" www.ilias-giouli.eu 162.241.218.112
85.73.196.99 - - [13/Jun/2021:14:51:54 -0600] "GET /wp-admin/admin.php?page=monsterinsights_reports HTTP/1.1" 200 50995 "http://www.ilias-giouli.eu/wp-admin/admin.php?page=class-blossomthemes-instagram-feed-admin.php" "Mozilla/5.0 (Windows NT 10.0; Win64; x64) AppleWebKit/537.36 (KHTML, like Gecko) Chrome/91.0.4472.101 Safari/537.36" www.ilias-giouli.eu 162.241.218.112
85.73.196.99 - - [13/Jun/2021:14:51:57 -0600] "GET /wp-content/plugins/google-analytics-for-wordpress/lite/assets/vue/fonts/icons.woff2 HTTP/1.1" 200 13232 "http://www.ilias-giouli.eu/wp-content/plugins/google-analytics-for-wordpress/lite/assets/vue/css/chunk-common.css?ver=7.17.0" "Mozilla/5.0 (Windows NT 10.0; Win64; x64) AppleWebKit/537.36 (KHTML, like Gecko) Chrome/91.0.4472.101 Safari/537.36" www.ilias-giouli.eu 162.241.218.112
85.73.196.99 - - [13/Jun/2021:14:51:57 -0600] "GET /wp-content/plugins/google-analytics-for-wordpress/lite/assets/vue/js/reports.js?ver=7.17.0 HTTP/1.1" 200 134513 "http://www.ilias-giouli.eu/wp-admin/admin.php?page=monsterinsights_reports" "Mozilla/5.0 (Windows NT 10.0; Win64; x64) AppleWebKit/537.36 (KHTML, like Gecko) Chrome/91.0.4472.101 Safari/537.36" www.ilias-giouli.eu 162.241.218.112
85.73.196.99 - - [13/Jun/2021:14:51:59 -0600] "GET /wp-content/plugins/blossomthemes-email-newsletter/admin/css/blossomthemes-email-newsletter-admin.css?ver=2.1.6 HTTP/1.1" 304 - "http://www.ilias-giouli.eu/wp-admin/edit.php?post_type=subscribe-form" "Mozilla/5.0 (Windows NT 10.0; Win64; x64) AppleWebKit/537.36 (KHTML, like Gecko) Chrome/91.0.4472.101 Safari/537.36" www.ilias-giouli.eu 162.241.218.112
85.73.196.99 - - [13/Jun/2021:14:51:57 -0600] "GET /wp-admin/edit.php?post_type=subscribe-form HTTP/1.1" 200 55019 "http://www.ilias-giouli.eu/wp-admin/admin.php?page=monsterinsights_reports" "Mozilla/5.0 (Windows NT 10.0; Win64; x64) AppleWebKit/537.36 (KHTML, like Gecko) Chrome/91.0.4472.101 Safari/537.36" www.ilias-giouli.eu 162.241.218.112
85.73.196.99 - - [13/Jun/2021:14:52:00 -0600] "GET /wp-content/plugins/blossomthemes-email-newsletter/admin/js/blossomthemes-email-newsletter-admin.js?ver=2.1.6 HTTP/1.1" 304 - "http://www.ilias-giouli.eu/wp-admin/edit.php?post_type=subscribe-form" "Mozilla/5.0 (Windows NT 10.0; Win64; x64) AppleWebKit/537.36 (KHTML, like Gecko) Chrome/91.0.4472.101 Safari/537.36" www.ilias-giouli.eu 162.241.218.112
85.73.196.99 - - [13/Jun/2021:14:52:00 -0600] "GET /wp-content/plugins/blossomthemes-email-newsletter/admin/js/bten-mailing-platform-lists.js?ver=2.1.6 HTTP/1.1" 304 - "http://www.ilias-giouli.eu/wp-admin/edit.php?post_type=subscribe-form" "Mozilla/5.0 (Windows NT 10.0; Win64; x64) AppleWebKit/537.36 (KHTML, like Gecko) Chrome/91.0.4472.101 Safari/537.36" www.ilias-giouli.eu 162.241.218.112
85.73.196.99 - - [13/Jun/2021:14:52:00 -0600] "GET /wp-content/plugins/blossomthemes-email-newsletter/admin/js/bten-aweber.js?ver=2.1.6 HTTP/1.1" 304 - "http://www.ilias-giouli.eu/wp-admin/edit.php?post_type=subscribe-form" "Mozilla/5.0 (Windows NT 10.0; Win64; x64) AppleWebKit/537.36 (KHTML, like Gecko) Chrome/91.0.4472.101 Safari/537.36" www.ilias-giouli.eu 162.241.218.112
85.73.196.99 - - [13/Jun/2021:14:52:00 -0600] "GET /wp-content/plugins/blossomthemes-email-newsletter/admin/js/all.min.js?ver=5.6.3 HTTP/1.1" 304 - "http://www.ilias-giouli.eu/wp-admin/edit.php?post_type=subscribe-form" "Mozilla/5.0 (Windows NT 10.0; Win64; x64) AppleWebKit/537.36 (KHTML, like Gecko) Chrome/91.0.4472.101 Safari/537.36" www.ilias-giouli.eu 162.241.218.112
85.73.196.99 - - [13/Jun/2021:14:52:00 -0600] "GET /index.php?rest_route=/omapp/v1/notifications HTTP/1.1" 200 239 "http://www.ilias-giouli.eu/wp-admin/edit.php?post_type=subscribe-form" "Mozilla/5.0 (Windows NT 10.0; Win64; x64) AppleWebKit/537.36 (KHTML, like Gecko) Chrome/91.0.4472.101 Safari/537.36" www.ilias-giouli.eu 162.241.218.112
85.73.196.99 - - [13/Jun/2021:14:52:00 -0600] "POST /wp-admin/admin-ajax.php HTTP/1.1" 200 47 "http://www.ilias-giouli.eu/wp-admin/edit.php?post_type=subscribe-form" "Mozilla/5.0 (Windows NT 10.0; Win64; x64) AppleWebKit/537.36 (KHTML, like Gecko) Chrome/91.0.4472.101 Safari/537.36" www.ilias-giouli.eu 162.241.218.112
85.73.196.99 - - [13/Jun/2021:14:52:00 -0600] "POST /wp-admin/admin-ajax.php HTTP/1.1" 200 191 "http://www.ilias-giouli.eu/wp-admin/edit.php?post_type=subscribe-form" "Mozilla/5.0 (Windows NT 10.0; Win64; x64) AppleWebKit/537.36 (KHTML, like Gecko) Chrome/91.0.4472.101 Safari/537.36" www.ilias-giouli.eu 162.241.218.112
85.73.196.99 - - [13/Jun/2021:14:52:00 -0600] "GET /index.php?rest_route=/jetpack/v4/jitm&message_path=wp%3Aedit-subscribe-form%3Aadmin_notices&query=post_type%253Dsubscribe-form&full_jp_logo_exists=false&_wpnonce=9568288abe HTTP/1.1" 200 2 "http://www.ilias-giouli.eu/wp-admin/edit.php?post_type=subscribe-form" "Mozilla/5.0 (Windows NT 10.0; Win64; x64) AppleWebKit/537.36 (KHTML, like Gecko) Chrome/91.0.4472.101 Safari/537.36" www.ilias-giouli.eu 162.241.218.112
85.73.196.99 - - [13/Jun/2021:14:52:15 -0600] "POST /wp-admin/admin-ajax.php HTTP/1.1" 200 47 "http://www.ilias-giouli.eu/wp-admin/edit.php?post_type=subscribe-form" "Mozilla/5.0 (Windows NT 10.0; Win64; x64) AppleWebKit/537.36 (KHTML, like Gecko) Chrome/91.0.4472.101 Safari/537.36" www.ilias-giouli.eu 162.241.218.112
85.73.196.99 - - [13/Jun/2021:14:52:16 -0600] "GET /wp-content/themes/chic-lite/inc/getting-started/css/getting-started.css?ver=1.0.4 HTTP/1.1" 200 3982 "http://www.ilias-giouli.eu/wp-admin/themes.php?page=chic-lite-getting-started" "Mozilla/5.0 (Windows NT 10.0; Win64; x64) AppleWebKit/537.36 (KHTML, like Gecko) Chrome/91.0.4472.101 Safari/537.36" www.ilias-giouli.eu 162.241.218.112
85.73.196.99 - - [13/Jun/2021:14:52:17 -0600] "GET /wp-content/themes/chic-lite/inc/getting-started/images/free-vs-pro.jpg HTTP/1.1" 200 173369 "http://www.ilias-giouli.eu/wp-admin/themes.php?page=chic-lite-getting-started" "Mozilla/5.0 (Windows NT 10.0; Win64; x64) AppleWebKit/537.36 (KHTML, like Gecko) Chrome/91.0.4472.101 Safari/537.36" www.ilias-giouli.eu 162.241.218.112
85.73.196.99 - - [13/Jun/2021:14:52:15 -0600] "GET /wp-admin/themes.php?page=chic-lite-getting-started HTTP/1.1" 200 39133 "http://www.ilias-giouli.eu/wp-admin/edit.php?post_type=subscribe-form" "Mozilla/5.0 (Windows NT 10.0; Win64; x64) AppleWebKit/537.36 (KHTML, like Gecko) Chrome/91.0.4472.101 Safari/537.36" www.ilias-giouli.eu 162.241.218.112
85.73.196.99 - - [13/Jun/2021:14:52:17 -0600] "GET /wp-includes/js/thickbox/thickbox.js?ver=3.1-20121105 HTTP/1.1" 304 - "http://www.ilias-giouli.eu/wp-admin/themes.php?page=chic-lite-getting-started" "Mozilla/5.0 (Windows NT 10.0; Win64; x64) AppleWebKit/537.36 (KHTML, like Gecko) Chrome/91.0.4472.101 Safari/537.36" www.ilias-giouli.eu 162.241.218.112
85.73.196.99 - - [13/Jun/2021:14:52:17 -0600] "GET /wp-content/themes/chic-lite/inc/getting-started/js/getting-started.js?ver=1.0.4 HTTP/1.1" 200 348 "http://www.ilias-giouli.eu/wp-admin/themes.php?page=chic-lite-getting-started" "Mozilla/5.0 (Windows NT 10.0; Win64; x64) AppleWebKit/537.36 (KHTML, like Gecko) Chrome/91.0.4472.101 Safari/537.36" www.ilias-giouli.eu 162.241.218.112
85.73.196.99 - - [13/Jun/2021:14:52:17 -0600] "GET /wp-content/themes/chic-lite/inc/getting-started/js/recommended-plugin-install.js?ver=1.0.4 HTTP/1.1" 200 1041 "http://www.ilias-giouli.eu/wp-admin/themes.php?page=chic-lite-getting-started" "Mozilla/5.0 (Windows NT 10.0; Win64; x64) AppleWebKit/537.36 (KHTML, like Gecko) Chrome/91.0.4472.101 Safari/537.36" www.ilias-giouli.eu 162.241.218.112
85.73.196.99 - - [13/Jun/2021:14:52:17 -0600] "GET /wp-admin/js/updates.min.js?ver=5.7.2 HTTP/1.1" 304 - "http://www.ilias-giouli.eu/wp-admin/themes.php?page=chic-lite-getting-started" "Mozilla/5.0 (Windows NT 10.0; Win64; x64) AppleWebKit/537.36 (KHTML, like Gecko) Chrome/91.0.4472.101 Safari/537.36" www.ilias-giouli.eu 162.241.218.112
85.73.196.99 - - [13/Jun/2021:14:52:18 -0600] "GET /wp-includes/js/thickbox/loadingAnimation.gif HTTP/1.1" 304 - "http://www.ilias-giouli.eu/wp-admin/themes.php?page=chic-lite-getting-started" "Mozilla/5.0 (Windows NT 10.0; Win64; x64) AppleWebKit/537.36 (KHTML, like Gecko) Chrome/91.0.4472.101 Safari/537.36" www.ilias-giouli.eu 162.241.218.112
85.73.196.99 - - [13/Jun/2021:14:52:18 -0600] "GET /index.php?rest_route=/omapp/v1/notifications HTTP/1.1" 200 239 "http://www.ilias-giouli.eu/wp-admin/themes.php?page=chic-lite-getting-started" "Mozilla/5.0 (Windows NT 10.0; Win64; x64) AppleWebKit/537.36 (KHTML, like Gecko) Chrome/91.0.4472.101 Safari/537.36" www.ilias-giouli.eu 162.241.218.112
85.73.196.99 - - [13/Jun/2021:14:52:18 -0600] "POST /wp-admin/admin-ajax.php HTTP/1.1" 200 191 "http://www.ilias-giouli.eu/wp-admin/themes.php?page=chic-lite-getting-started" "Mozilla/5.0 (Windows NT 10.0; Win64; x64) AppleWebKit/537.36 (KHTML, like Gecko) Chrome/91.0.4472.101 Safari/537.36" www.ilias-giouli.eu 162.241.218.112
85.73.196.99 - - [13/Jun/2021:14:52:18 -0600] "GET /index.php?rest_route=/jetpack/v4/jitm&message_path=wp%3Aappearance_page_chic-lite-getting-started%3Aadmin_notices&query=page%253Dchic-lite-getting-started&full_jp_logo_exists=false&_wpnonce=9568288abe HTTP/1.1" 200 2 "http://www.ilias-giouli.eu/wp-admin/themes.php?page=chic-lite-getting-started" "Mozilla/5.0 (Windows NT 10.0; Win64; x64) AppleWebKit/537.36 (KHTML, like Gecko) Chrome/91.0.4472.101 Safari/537.36" www.ilias-giouli.eu 162.241.218.112
85.73.196.99 - - [13/Jun/2021:14:53:18 -0600] "POST /wp-admin/admin-ajax.php HTTP/1.1" 200 47 "http://www.ilias-giouli.eu/wp-admin/themes.php?page=chic-lite-getting-started" "Mozilla/5.0 (Windows NT 10.0; Win64; x64) AppleWebKit/537.36 (KHTML, like Gecko) Chrome/91.0.4472.101 Safari/537.36" www.ilias-giouli.eu 162.241.218.112
162.241.218.112 - - [13/Jun/2021:14:53:19 -0600] "POST /wp-cron.php?doing_wp_cron=1623617599.8574240207672119140625 HTTP/1.1" 200 - "http://www.ilias-giouli.eu/wp-cron.php?doing_wp_cron=1623617599.8574240207672119140625" "WordPress/5.7.2; http://www.ilias-giouli.eu" www.ilias-giouli.eu 162.241.218.112
162.241.218.112 - - [13/Jun/2021:14:53:42 -0600] "POST /wp-cron.php?doing_wp_cron=1623617622.6417930126190185546875 HTTP/1.1" 200 - "http://www.ilias-giouli.eu/wp-cron.php?doing_wp_cron=1623617622.6417930126190185546875" "WordPress/5.7.2; http://www.ilias-giouli.eu" www.ilias-giouli.eu 162.241.218.112
85.73.196.99 - - [13/Jun/2021:14:53:41 -0600] "POST /wp-admin/admin-ajax.php HTTP/1.1" 200 47 "http://www.ilias-giouli.eu/wp-admin/theme-editor.php?file=index.php&theme=chic-lite" "Mozilla/5.0 (Windows NT 10.0; Win64; x64) AppleWebKit/537.36 (KHTML, like Gecko) Chrome/91.0.4472.101 Safari/537.36" www.ilias-giouli.eu 162.241.218.112
162.241.218.112 - - [13/Jun/2021:14:55:20 -0600] "POST /wp-cron.php?doing_wp_cron=1623617720.8483650684356689453125 HTTP/1.1" 200 - "http://www.ilias-giouli.eu/wp-cron.php?doing_wp_cron=1623617720.8483650684356689453125" "WordPress/5.7.2; http://www.ilias-giouli.eu" www.ilias-giouli.eu 162.241.218.112
85.73.196.99 - - [13/Jun/2021:14:55:19 -0600] "POST /wp-admin/admin-ajax.php HTTP/1.1" 200 47 "http://www.ilias-giouli.eu/wp-admin/themes.php?page=chic-lite-getting-started" "Mozilla/5.0 (Windows NT 10.0; Win64; x64) AppleWebKit/537.36 (KHTML, like Gecko) Chrome/91.0.4472.101 Safari/537.36" www.ilias-giouli.eu 162.241.218.112
162.241.218.112 - - [13/Jun/2021:14:55:43 -0600] "POST /wp-cron.php?doing_wp_cron=1623617743.6991910934448242187500 HTTP/1.1" 200 - "http://www.ilias-giouli.eu/wp-cron.php?doing_wp_cron=1623617743.6991910934448242187500" "WordPress/5.7.2; http://www.ilias-giouli.eu" www.ilias-giouli.eu 162.241.218.112
85.73.196.99 - - [13/Jun/2021:14:55:42 -0600] "POST /wp-admin/admin-ajax.php HTTP/1.1" 200 47 "http://www.ilias-giouli.eu/wp-admin/theme-editor.php?file=index.php&theme=chic-lite" "Mozilla/5.0 (Windows NT 10.0; Win64; x64) AppleWebKit/537.36 (KHTML, like Gecko) Chrome/91.0.4472.101 Safari/537.36" www.ilias-giouli.eu 162.241.218.112
162.241.218.112 - - [13/Jun/2021:14:56:46 -0600] "POST /wp-cron.php?doing_wp_cron=1623617806.4521179199218750000000 HTTP/1.1" 200 - "http://www.ilias-giouli.eu/wp-cron.php?doing_wp_cron=1623617806.4521179199218750000000" "WordPress/5.7.2; http://www.ilias-giouli.eu" www.ilias-giouli.eu 162.241.218.112
85.73.196.99 - - [13/Jun/2021:14:56:45 -0600] "POST /wp-admin/admin-ajax.php HTTP/1.1" 200 47 "http://www.ilias-giouli.eu/wp-admin/themes.php?page=chic-lite-getting-started" "Mozilla/5.0 (Windows NT 10.0; Win64; x64) AppleWebKit/537.36 (KHTML, like Gecko) Chrome/91.0.4472.101 Safari/537.36" www.ilias-giouli.eu 162.241.218.112
162.241.218.112 - - [13/Jun/2021:14:56:50 -0600] "POST /wp-cron.php?doing_wp_cron=1623617810.5881710052490234375000 HTTP/1.1" 200 - "http://www.ilias-giouli.eu/wp-cron.php?doing_wp_cron=1623617810.5881710052490234375000" "WordPress/5.7.2; http://www.ilias-giouli.eu" www.ilias-giouli.eu 162.241.218.112
85.73.196.99 - - [13/Jun/2021:14:56:51 -0600] "GET /wp-includes/js/thickbox/thickbox.css?ver=5.7.2 HTTP/1.1" 304 - "http://www.ilias-giouli.eu/wp-admin/themes.php" "Mozilla/5.0 (Windows NT 10.0; Win64; x64) AppleWebKit/537.36 (KHTML, like Gecko) Chrome/91.0.4472.101 Safari/537.36" www.ilias-giouli.eu 162.241.218.112
85.73.196.99 - - [13/Jun/2021:14:56:51 -0600] "GET /wp-content/plugins/wpforms-lite/assets/css/admin-bar.min.css?ver=1.6.7 HTTP/1.1" 304 - "http://www.ilias-giouli.eu/wp-admin/themes.php" "Mozilla/5.0 (Windows NT 10.0; Win64; x64) AppleWebKit/537.36 (KHTML, like Gecko) Chrome/91.0.4472.101 Safari/537.36" www.ilias-giouli.eu 162.241.218.112
85.73.196.99 - - [13/Jun/2021:14:56:51 -0600] "GET /wp-content/plugins/blossomthemes-email-newsletter/admin/images/newsletter-icon/style.css?ver=2.1.6 HTTP/1.1" 304 - "http://www.ilias-giouli.eu/wp-admin/themes.php" "Mozilla/5.0 (Windows NT 10.0; Win64; x64) AppleWebKit/537.36 (KHTML, like Gecko) Chrome/91.0.4472.101 Safari/537.36" www.ilias-giouli.eu 162.241.218.112
85.73.196.99 - - [13/Jun/2021:14:56:51 -0600] "GET /wp-content/plugins/blossomthemes-instagram-feed/admin/css/blossomthemes-instagram-feed-admin.css?ver=2.0.3 HTTP/1.1" 304 - "http://www.ilias-giouli.eu/wp-admin/themes.php" "Mozilla/5.0 (Windows NT 10.0; Win64; x64) AppleWebKit/537.36 (KHTML, like Gecko) Chrome/91.0.4472.101 Safari/537.36" www.ilias-giouli.eu 162.241.218.112
85.73.196.99 - - [13/Jun/2021:14:56:51 -0600] "GET /wp-content/plugins/blossomthemes-instagram-feed/admin/js/blossomthemes-instagram-feed-admin.js?ver=2.0.3 HTTP/1.1" 304 - "http://www.ilias-giouli.eu/wp-admin/themes.php" "Mozilla/5.0 (Windows NT 10.0; Win64; x64) AppleWebKit/537.36 (KHTML, like Gecko) Chrome/91.0.4472.101 Safari/537.36" www.ilias-giouli.eu 162.241.218.112
85.73.196.99 - - [13/Jun/2021:14:56:52 -0600] "GET /wp-content/plugins/blossomthemes-instagram-feed/admin/css/images/menu-icon.png HTTP/1.1" 304 - "http://www.ilias-giouli.eu/wp-admin/themes.php" "Mozilla/5.0 (Windows NT 10.0; Win64; x64) AppleWebKit/537.36 (KHTML, like Gecko) Chrome/91.0.4472.101 Safari/537.36" www.ilias-giouli.eu 162.241.218.112
85.73.196.99 - - [13/Jun/2021:14:56:52 -0600] "GET /wp-content/themes/chic-lite/screenshot.png HTTP/1.1" 304 - "http://www.ilias-giouli.eu/wp-admin/themes.php" "Mozilla/5.0 (Windows NT 10.0; Win64; x64) AppleWebKit/537.36 (KHTML, like Gecko) Chrome/91.0.4472.101 Safari/537.36" www.ilias-giouli.eu 162.241.218.112
85.73.196.99 - - [13/Jun/2021:14:56:52 -0600] "GET /wp-content/themes/inspiro/screenshot.png HTTP/1.1" 304 - "http://www.ilias-giouli.eu/wp-admin/themes.php" "Mozilla/5.0 (Windows NT 10.0; Win64; x64) AppleWebKit/537.36 (KHTML, like Gecko) Chrome/91.0.4472.101 Safari/537.36" www.ilias-giouli.eu 162.241.218.112
85.73.196.99 - - [13/Jun/2021:14:56:52 -0600] "GET /wp-content/themes/feminine-fashion/screenshot.png HTTP/1.1" 304 - "http://www.ilias-giouli.eu/wp-admin/themes.php" "Mozilla/5.0 (Windows NT 10.0; Win64; x64) AppleWebKit/537.36 (KHTML, like Gecko) Chrome/91.0.4472.101 Safari/537.36" www.ilias-giouli.eu 162.241.218.112
85.73.196.99 - - [13/Jun/2021:14:56:52 -0600] "GET /wp-content/themes/signify/screenshot.png HTTP/1.1" 304 - "http://www.ilias-giouli.eu/wp-admin/themes.php" "Mozilla/5.0 (Windows NT 10.0; Win64; x64) AppleWebKit/537.36 (KHTML, like Gecko) Chrome/91.0.4472.101 Safari/537.36" www.ilias-giouli.eu 162.241.218.112
85.73.196.99 - - [13/Jun/2021:14:56:52 -0600] "GET /wp-content/plugins/blossomthemes-email-newsletter/admin/images/newsletter-icon/fonts/blossom-newsletter.ttf?q6k3zj HTTP/1.1" 304 - "http://www.ilias-giouli.eu/wp-content/plugins/blossomthemes-email-newsletter/admin/images/newsletter-icon/style.css?ver=2.1.6" "Mozilla/5.0 (Windows NT 10.0; Win64; x64) AppleWebKit/537.36 (KHTML, like Gecko) Chrome/91.0.4472.101 Safari/537.36" www.ilias-giouli.eu 162.241.218.112
85.73.196.99 - - [13/Jun/2021:14:56:52 -0600] "GET /wp-content/themes/sinatra/screenshot.jpg HTTP/1.1" 304 - "http://www.ilias-giouli.eu/wp-admin/themes.php" "Mozilla/5.0 (Windows NT 10.0; Win64; x64) AppleWebKit/537.36 (KHTML, like Gecko) Chrome/91.0.4472.101 Safari/537.36" www.ilias-giouli.eu 162.241.218.112
85.73.196.99 - - [13/Jun/2021:14:56:52 -0600] "GET /wp-content/plugins/jetpack/_inc/fonts/jetpack/jetpack.woff HTTP/1.1" 304 - "http://www.ilias-giouli.eu/wp-content/plugins/jetpack/css/jetpack-icons.min.css?ver=9.8.1" "Mozilla/5.0 (Windows NT 10.0; Win64; x64) AppleWebKit/537.36 (KHTML, like Gecko) Chrome/91.0.4472.101 Safari/537.36" www.ilias-giouli.eu 162.241.218.112
85.73.196.99 - - [13/Jun/2021:14:56:52 -0600] "GET /wp-content/themes/twentynineteen/screenshot.png HTTP/1.1" 304 - "http://www.ilias-giouli.eu/wp-admin/themes.php" "Mozilla/5.0 (Windows NT 10.0; Win64; x64) AppleWebKit/537.36 (KHTML, like Gecko) Chrome/91.0.4472.101 Safari/537.36" www.ilias-giouli.eu 162.241.218.112
85.73.196.99 - - [13/Jun/2021:14:56:52 -0600] "GET /wp-content/themes/signify-wedding/screenshot.png HTTP/1.1" 304 - "http://www.ilias-giouli.eu/wp-admin/themes.php" "Mozilla/5.0 (Windows NT 10.0; Win64; x64) AppleWebKit/537.36 (KHTML, like Gecko) Chrome/91.0.4472.101 Safari/537.36" www.ilias-giouli.eu 162.241.218.112
85.73.196.99 - - [13/Jun/2021:14:56:52 -0600] "GET /wp-content/themes/twentyseventeen/screenshot.png HTTP/1.1" 304 - "http://www.ilias-giouli.eu/wp-admin/themes.php" "Mozilla/5.0 (Windows NT 10.0; Win64; x64) AppleWebKit/537.36 (KHTML, like Gecko) Chrome/91.0.4472.101 Safari/537.36" www.ilias-giouli.eu 162.241.218.112
85.73.196.99 - - [13/Jun/2021:14:56:52 -0600] "GET /wp-content/themes/twentytwenty/screenshot.png HTTP/1.1" 304 - "http://www.ilias-giouli.eu/wp-admin/themes.php" "Mozilla/5.0 (Windows NT 10.0; Win64; x64) AppleWebKit/537.36 (KHTML, like Gecko) Chrome/91.0.4472.101 Safari/537.36" www.ilias-giouli.eu 162.241.218.112
85.73.196.99 - - [13/Jun/2021:14:56:52 -0600] "GET /wp-content/themes/twentytwentyone/screenshot.png HTTP/1.1" 304 - "http://www.ilias-giouli.eu/wp-admin/themes.php" "Mozilla/5.0 (Windows NT 10.0; Win64; x64) AppleWebKit/537.36 (KHTML, like Gecko) Chrome/91.0.4472.101 Safari/537.36" www.ilias-giouli.eu 162.241.218.112
85.73.196.99 - - [13/Jun/2021:14:56:49 -0600] "GET /wp-admin/themes.php HTTP/1.1" 200 51142 "http://www.ilias-giouli.eu/wp-admin/themes.php?page=chic-lite-getting-started" "Mozilla/5.0 (Windows NT 10.0; Win64; x64) AppleWebKit/537.36 (KHTML, like Gecko) Chrome/91.0.4472.101 Safari/537.36" www.ilias-giouli.eu 162.241.218.112
85.73.196.99 - - [13/Jun/2021:14:56:53 -0600] "GET /wp-includes/js/admin-bar.min.js?ver=5.7.2 HTTP/1.1" 304 - "http://www.ilias-giouli.eu/wp-admin/themes.php" "Mozilla/5.0 (Windows NT 10.0; Win64; x64) AppleWebKit/537.36 (KHTML, like Gecko) Chrome/91.0.4472.101 Safari/537.36" www.ilias-giouli.eu 162.241.218.112
85.73.196.99 - - [13/Jun/2021:14:56:53 -0600] "GET /wp-includes/js/hoverintent-js.min.js?ver=2.2.1 HTTP/1.1" 304 - "http://www.ilias-giouli.eu/wp-admin/themes.php" "Mozilla/5.0 (Windows NT 10.0; Win64; x64) AppleWebKit/537.36 (KHTML, like Gecko) Chrome/91.0.4472.101 Safari/537.36" www.ilias-giouli.eu 162.241.218.112
85.73.196.99 - - [13/Jun/2021:14:56:53 -0600] "GET /wp-admin/js/theme.min.js?ver=5.7.2 HTTP/1.1" 304 - "http://www.ilias-giouli.eu/wp-admin/themes.php" "Mozilla/5.0 (Windows NT 10.0; Win64; x64) AppleWebKit/537.36 (KHTML, like Gecko) Chrome/91.0.4472.101 Safari/537.36" www.ilias-giouli.eu 162.241.218.112
85.73.196.99 - - [13/Jun/2021:14:56:53 -0600] "GET /wp-content/plugins/google-analytics-for-wordpress/lite/assets/vue/js/chunk-frontend-vendors.js?ver=7.17.0 HTTP/1.1" 304 - "http://www.ilias-giouli.eu/wp-admin/themes.php" "Mozilla/5.0 (Windows NT 10.0; Win64; x64) AppleWebKit/537.36 (KHTML, like Gecko) Chrome/91.0.4472.101 Safari/537.36" www.ilias-giouli.eu 162.241.218.112
85.73.196.99 - - [13/Jun/2021:14:56:53 -0600] "GET /wp-content/plugins/google-analytics-for-wordpress/lite/assets/vue/js/frontend.js?ver=7.17.0 HTTP/1.1" 304 - "http://www.ilias-giouli.eu/wp-admin/themes.php" "Mozilla/5.0 (Windows NT 10.0; Win64; x64) AppleWebKit/537.36 (KHTML, like Gecko) Chrome/91.0.4472.101 Safari/537.36" www.ilias-giouli.eu 162.241.218.112
85.73.196.99 - - [13/Jun/2021:14:56:53 -0600] "GET /wp-content/plugins/google-analytics-for-wordpress/lite/assets/vue/js/chunk-common.js?ver=7.17.0 HTTP/1.1" 304 - "http://www.ilias-giouli.eu/wp-admin/themes.php" "Mozilla/5.0 (Windows NT 10.0; Win64; x64) AppleWebKit/537.36 (KHTML, like Gecko) Chrome/91.0.4472.101 Safari/537.36" www.ilias-giouli.eu 162.241.218.112
85.73.196.99 - - [13/Jun/2021:14:56:53 -0600] "GET /index.php?rest_route=/omapp/v1/notifications HTTP/1.1" 200 239 "http://www.ilias-giouli.eu/wp-admin/themes.php" "Mozilla/5.0 (Windows NT 10.0; Win64; x64) AppleWebKit/537.36 (KHTML, like Gecko) Chrome/91.0.4472.101 Safari/537.36" www.ilias-giouli.eu 162.241.218.112
85.73.196.99 - - [13/Jun/2021:14:56:53 -0600] "POST /wp-admin/admin-ajax.php HTTP/1.1" 200 191 "http://www.ilias-giouli.eu/wp-admin/themes.php" "Mozilla/5.0 (Windows NT 10.0; Win64; x64) AppleWebKit/537.36 (KHTML, like Gecko) Chrome/91.0.4472.101 Safari/537.36" www.ilias-giouli.eu 162.241.218.112
85.73.196.99 - - [13/Jun/2021:14:56:53 -0600] "GET /index.php?rest_route=/jetpack/v4/jitm&message_path=wp%3Athemes%3Aadmin_notices&query=&full_jp_logo_exists=false&_wpnonce=9568288abe HTTP/1.1" 200 1339 "http://www.ilias-giouli.eu/wp-admin/themes.php" "Mozilla/5.0 (Windows NT 10.0; Win64; x64) AppleWebKit/537.36 (KHTML, like Gecko) Chrome/91.0.4472.101 Safari/537.36" www.ilias-giouli.eu 162.241.218.112
85.73.196.99 - - [13/Jun/2021:14:57:03 -0600] "GET /wp-content/plugins/raratheme-companion/admin/css/raratheme-companion-admin.css?ver=1.3.7 HTTP/1.1" 304 - "http://www.ilias-giouli.eu/wp-admin/customize.php?return=%2Fwp-admin%2Fthemes.php&autofocus%5Bcontrol%5D=background_image" "Mozilla/5.0 (Windows NT 10.0; Win64; x64) AppleWebKit/537.36 (KHTML, like Gecko) Chrome/91.0.4472.101 Safari/537.36" www.ilias-giouli.eu 162.241.218.112
85.73.196.99 - - [13/Jun/2021:14:57:03 -0600] "GET /wp-content/plugins/social-icons-widget-by-wpzoom/assets/css/wpzoom-socicon.css?ver=1623613552 HTTP/1.1" 304 - "http://www.ilias-giouli.eu/wp-admin/customize.php?return=%2Fwp-admin%2Fthemes.php&autofocus%5Bcontrol%5D=background_image" "Mozilla/5.0 (Windows NT 10.0; Win64; x64) AppleWebKit/537.36 (KHTML, like Gecko) Chrome/91.0.4472.101 Safari/537.36" www.ilias-giouli.eu 162.241.218.112
85.73.196.99 - - [13/Jun/2021:14:57:03 -0600] "GET /wp-content/plugins/social-icons-widget-by-wpzoom/assets/css/social-icons-widget-admin.css?ver=1623613552 HTTP/1.1" 304 - "http://www.ilias-giouli.eu/wp-admin/customize.php?return=%2Fwp-admin%2Fthemes.php&autofocus%5Bcontrol%5D=background_image" "Mozilla/5.0 (Windows NT 10.0; Win64; x64) AppleWebKit/537.36 (KHTML, like Gecko) Chrome/91.0.4472.101 Safari/537.36" www.ilias-giouli.eu 162.241.218.112
85.73.196.99 - - [13/Jun/2021:14:57:03 -0600] "GET /wp-content/plugins/raratheme-companion/admin/css/chosen.min.css?ver=1.3.7 HTTP/1.1" 304 - "http://www.ilias-giouli.eu/wp-admin/customize.php?return=%2Fwp-admin%2Fthemes.php&autofocus%5Bcontrol%5D=background_image" "Mozilla/5.0 (Windows NT 10.0; Win64; x64) AppleWebKit/537.36 (KHTML, like Gecko) Chrome/91.0.4472.101 Safari/537.36" www.ilias-giouli.eu 162.241.218.112
85.73.196.99 - - [13/Jun/2021:14:57:03 -0600] "GET /wp-content/plugins/social-icons-widget-by-wpzoom/assets/css/wpzoom-social-icons-styles.css?ver=1623613552 HTTP/1.1" 304 - "http://www.ilias-giouli.eu/wp-admin/customize.php?return=%2Fwp-admin%2Fthemes.php&autofocus%5Bcontrol%5D=background_image" "Mozilla/5.0 (Windows NT 10.0; Win64; x64) AppleWebKit/537.36 (KHTML, like Gecko) Chrome/91.0.4472.101 Safari/537.36" www.ilias-giouli.eu 162.241.218.112
85.73.196.99 - - [13/Jun/2021:14:57:03 -0600] "GET /wp-content/plugins/social-icons-widget-by-wpzoom/assets/css/genericons.css?ver=1623613552 HTTP/1.1" 304 - "http://www.ilias-giouli.eu/wp-admin/customize.php?return=%2Fwp-admin%2Fthemes.php&autofocus%5Bcontrol%5D=background_image" "Mozilla/5.0 (Windows NT 10.0; Win64; x64) AppleWebKit/537.36 (KHTML, like Gecko) Chrome/91.0.4472.101 Safari/537.36" www.ilias-giouli.eu 162.241.218.112
85.73.196.99 - - [13/Jun/2021:14:57:03 -0600] "GET /wp-content/plugins/social-icons-widget-by-wpzoom/assets/css/academicons.min.css?ver=1623613552 HTTP/1.1" 304 - "http://www.ilias-giouli.eu/wp-admin/customize.php?return=%2Fwp-admin%2Fthemes.php&autofocus%5Bcontrol%5D=background_image" "Mozilla/5.0 (Windows NT 10.0; Win64; x64) AppleWebKit/537.36 (KHTML, like Gecko) Chrome/91.0.4472.101 Safari/537.36" www.ilias-giouli.eu 162.241.218.112
85.73.196.99 - - [13/Jun/2021:14:57:03 -0600] "GET /wp-content/plugins/social-icons-widget-by-wpzoom/assets/css/font-awesome-3.min.css?ver=1623613552 HTTP/1.1" 304 - "http://www.ilias-giouli.eu/wp-admin/customize.php?return=%2Fwp-admin%2Fthemes.php&autofocus%5Bcontrol%5D=background_image" "Mozilla/5.0 (Windows NT 10.0; Win64; x64) AppleWebKit/537.36 (KHTML, like Gecko) Chrome/91.0.4472.101 Safari/537.36" www.ilias-giouli.eu 162.241.218.112
85.73.196.99 - - [13/Jun/2021:14:57:03 -0600] "GET /wp-content/themes/chic-lite/inc/custom-controls/radioimg/radio-image.css?ver=5.7.2 HTTP/1.1" 304 - "http://www.ilias-giouli.eu/wp-admin/customize.php?return=%2Fwp-admin%2Fthemes.php&autofocus%5Bcontrol%5D=background_image" "Mozilla/5.0 (Windows NT 10.0; Win64; x64) AppleWebKit/537.36 (KHTML, like Gecko) Chrome/91.0.4472.101 Safari/537.36" www.ilias-giouli.eu 162.241.218.112
85.73.196.99 - - [13/Jun/2021:14:57:03 -0600] "GET /wp-content/themes/chic-lite/inc/custom-controls/select/select.css?ver=5.7.2 HTTP/1.1" 304 - "http://www.ilias-giouli.eu/wp-admin/customize.php?return=%2Fwp-admin%2Fthemes.php&autofocus%5Bcontrol%5D=background_image" "Mozilla/5.0 (Windows NT 10.0; Win64; x64) AppleWebKit/537.36 (KHTML, like Gecko) Chrome/91.0.4472.101 Safari/537.36" www.ilias-giouli.eu 162.241.218.112
85.73.196.99 - - [13/Jun/2021:14:57:03 -0600] "GET /wp-content/themes/chic-lite/inc/custom-controls/slider/slider.css?ver=5.7.2 HTTP/1.1" 304 - "http://www.ilias-giouli.eu/wp-admin/customize.php?return=%2Fwp-admin%2Fthemes.php&autofocus%5Bcontrol%5D=background_image" "Mozilla/5.0 (Windows NT 10.0; Win64; x64) AppleWebKit/537.36 (KHTML, like Gecko) Chrome/91.0.4472.101 Safari/537.36" www.ilias-giouli.eu 162.241.218.112
85.73.196.99 - - [13/Jun/2021:14:57:03 -0600] "GET /wp-content/themes/chic-lite/inc/custom-controls/toggle/toggle.css?ver=5.7.2 HTTP/1.1" 304 - "http://www.ilias-giouli.eu/wp-admin/customize.php?return=%2Fwp-admin%2Fthemes.php&autofocus%5Bcontrol%5D=background_image" "Mozilla/5.0 (Windows NT 10.0; Win64; x64) AppleWebKit/537.36 (KHTML, like Gecko) Chrome/91.0.4472.101 Safari/537.36" www.ilias-giouli.eu 162.241.218.112
85.73.196.99 - - [13/Jun/2021:14:57:03 -0600] "GET /wp-content/themes/chic-lite/inc/css/customize.css?ver=1.0.4 HTTP/1.1" 304 - "http://www.ilias-giouli.eu/wp-admin/customize.php?return=%2Fwp-admin%2Fthemes.php&autofocus%5Bcontrol%5D=background_image" "Mozilla/5.0 (Windows NT 10.0; Win64; x64) AppleWebKit/537.36 (KHTML, like Gecko) Chrome/91.0.4472.101 Safari/537.36" www.ilias-giouli.eu 162.241.218.112
